{"id":60,"date":"2025-08-23T06:44:16","date_gmt":"2025-08-23T04:44:16","guid":{"rendered":"https:\/\/alizel.de\/shop\/impressum\/"},"modified":"2025-11-08T06:38:00","modified_gmt":"2025-11-08T05:38:00","slug":"impressum","status":"publish","type":"page","link":"https:\/\/alizel.de\/online\/impressum\/","title":{"rendered":"Impressum"},"content":{"rendered":"\n<h2 class=\"wp-block-heading has-large-font-size\">Anbieterkennzeichnung f\u00fcr das Online-Angebot ALIZEL.de<\/h2>\n\n\n\n<h3 class=\"wp-block-heading\">Anbieter\/Betreiber<\/h3>\n\n\n\n<p>ALIZEL<br>Untere Dorfstra\u00dfe 8<br>79843 L\u00f6ffingen, Deutschland<\/p>\n\n\n\n<h3 class=\"wp-block-heading\">Vertreten durch<\/h3>\n\n\n\n<p>Alice Hastenteufel (Einzelunternehmen)<br>(Adresse wie oben)<br>E-Mail: hastenteufel(at)alizel.de<br>Telefon: +49 (0)7654 80 88 288<\/p>\n\n\n\n<h3 class=\"wp-block-heading\">Umsatzsteuer ID<\/h3>\n\n\n\n<p>DE265609340 (Umsatzsteuer-Identifikationsnummer nach \u00a7 27a UStG)<\/p>\n\n\n\n<h3 class=\"wp-block-heading\">Inhaltlich verantwortlich<\/h3>\n\n\n\n<p>Zeljko Zdesic<br>(Adresse wie oben)<br>E-Mail: admin(at)alizel.com<br>Telefon: +49 (0)7654 80 88 980<\/p>\n\n\n\n<h3 class=\"wp-block-heading\">Programmierung &amp; Design<\/h3>\n\n\n\n<p><strong>ALIMEDIA Werbeagentur<\/strong><br>Kreativ. Kompetent. Transformativ.<br><a href=\"https:\/\/alizel-media.de\/\">Website<\/a>\u2197<\/p>\n\n\n\n<h3 class=\"wp-block-heading\">Urheberrechte \/ Copyright<\/h3>\n\n\n\n<p>Die Inhalte dieser Website sind urheberrechtlich gesch\u00fctzt. S\u00e4mtliche Inhalte wie z.B. Texte, Fotos und Downloads, d\u00fcrfen nur f\u00fcr private Zwecke und internen Gebrauch genutzt und gespeichert werden. Die Inhalte, auch auszugsweise, d\u00fcrfen nur mit schriftlicher Genehmigung der ALIZEL kommerziell kopiert, heruntergeladen, vervielf\u00e4ltigt, ge\u00e4ndert, ver\u00f6ffentlicht oder anderweitig genutzt werden.<\/p>\n\n\n\n<h3 class=\"wp-block-heading\">Haftung f\u00fcr Inhalte<\/h3>\n\n\n\n<p>Der Betreiber dieser Website \u00fcbernimmt keine Gew\u00e4hr auf Vollst\u00e4ndigkeit, Richtigkeit und Aktualit\u00e4t der Inhalte. Haftungsanspr\u00fcche jeglicher Art, die durch die Nutzung von Inhalten auf diesen Seiten entstehen, sind grunds\u00e4tzlich ausgeschlossen.<\/p>\n\n\n\n<h3 class=\"wp-block-heading\">Haftung f\u00fcr Links<\/h3>\n\n\n\n<p>Trotz sorgf\u00e4ltiger inhaltlicher Kontrolle, \u00fcbernehmen wir keine Haftung f\u00fcr die Inhalte, der von uns verlinkter Websites. F\u00fcr den Inhalt und f\u00fcr den Datenschutz der extern verlinkten Seiten sind ausschlie\u00dflich deren Betreiber verantwortlich.<\/p>\n\n\n<div class=\"woocommerce woocommerce-gzd woocommerce-gzd-complaints-shortcode\">\n\t\t\t<h3>Alternative Streitbeilegung gem\u00e4\u00df Art. 14 Abs. 1 ODR-VO und \u00a7 36 VSBG:<\/h3>\n\t\nZur Teilnahme an einem Streitbeilegungsverfahren vor einer Verbraucherschlichtungsstelle sind wir nicht verpflichtet und nicht bereit.<\/div>\n","protected":false},"excerpt":{"rendered":"<p>Anbieterkennzeichnung f\u00fcr das Online-Angebot ALIZEL.de Anbieter\/Betreiber ALIZELUntere Dorfstra\u00dfe 879843 L\u00f6ffingen, Deutschland Vertreten durch Alice Hastenteufel (Einzelunternehmen)(Adresse wie oben)E-Mail: hastenteufel(at)alizel.deTelefon: +49 (0)7654 80 88 288 Umsatzsteuer ID DE265609340 (Umsatzsteuer-Identifikationsnummer nach \u00a7 27a UStG) Inhaltlich verantwortlich Zeljko Zdesic(Adresse wie oben)E-Mail: admin(at)alizel.comTelefon: +49 (0)7654 80 88 980 Programmierung &amp; Design ALIMEDIA WerbeagenturKreativ. Kompetent. Transformativ.Website\u2197 Urheberrechte \/ Copyright Die&#8230;<\/p>\n","protected":false},"author":1,"featured_media":0,"parent":0,"menu_order":0,"comment_status":"closed","ping_status":"closed","template":"","meta":{"_kad_blocks_custom_css":"","_kad_blocks_head_custom_js":"","_kad_blocks_body_custom_js":"","_kad_blocks_footer_custom_js":"","_kad_post_transparent":"","_kad_post_title":"","_kad_post_layout":"left","_kad_post_sidebar_id":"sidebar-secondary","_kad_post_content_style":"","_kad_post_vertical_padding":"show","_kad_post_feature":"","_kad_post_feature_position":"","_kad_post_header":false,"_kad_post_footer":false,"_kad_post_classname":"","footnotes":""},"class_list":["post-60","page","type-page","status-publish","hentry"],"yoast_head":"<!-- This site is optimized with the Yoast SEO plugin v27.4 - https:\/\/yoast.com\/product\/yoast-seo-wordpress\/ -->\n<title>Impressum - ALIZEL Online-Shop<\/title>\n<meta name=\"robots\" content=\"index, follow, max-snippet:-1, max-image-preview:large, max-video-preview:-1\" \/>\n<link rel=\"canonical\" href=\"https:\/\/alizel.de\/online\/impressum\/\" \/>\n<meta property=\"og:locale\" content=\"de_DE\" \/>\n<meta property=\"og:type\" content=\"article\" \/>\n<meta property=\"og:title\" content=\"Impressum - ALIZEL Online-Shop\" \/>\n<meta property=\"og:description\" content=\"Anbieterkennzeichnung f\u00fcr das Online-Angebot ALIZEL.de Anbieter\/Betreiber ALIZELUntere Dorfstra\u00dfe 879843 L\u00f6ffingen, Deutschland Vertreten durch Alice Hastenteufel (Einzelunternehmen)(Adresse wie oben)E-Mail: hastenteufel(at)alizel.deTelefon: +49 (0)7654 80 88 288 Umsatzsteuer ID DE265609340 (Umsatzsteuer-Identifikationsnummer nach \u00a7 27a UStG) Inhaltlich verantwortlich Zeljko Zdesic(Adresse wie oben)E-Mail: admin(at)alizel.comTelefon: +49 (0)7654 80 88 980 Programmierung &amp; Design ALIMEDIA WerbeagenturKreativ. Kompetent. Transformativ.Website\u2197 Urheberrechte \/ Copyright Die...\" \/>\n<meta property=\"og:url\" content=\"https:\/\/alizel.de\/online\/impressum\/\" \/>\n<meta property=\"og:site_name\" content=\"ALIZEL Online-Shop\" \/>\n<meta property=\"article:modified_time\" content=\"2025-11-08T05:38:00+00:00\" \/>\n<meta name=\"twitter:card\" content=\"summary_large_image\" \/>\n<meta name=\"twitter:label1\" content=\"Gesch\u00e4tzte Lesezeit\" \/>\n\t<meta name=\"twitter:data1\" content=\"2\u00a0Minuten\" \/>\n<script type=\"application\/ld+json\" class=\"yoast-schema-graph\">{\"@context\":\"https:\\\/\\\/schema.org\",\"@graph\":[{\"@type\":\"WebPage\",\"@id\":\"https:\\\/\\\/alizel.de\\\/online\\\/impressum\\\/\",\"url\":\"https:\\\/\\\/alizel.de\\\/online\\\/impressum\\\/\",\"name\":\"Impressum - ALIZEL Online-Shop\",\"isPartOf\":{\"@id\":\"https:\\\/\\\/alizel.de\\\/online\\\/#website\"},\"datePublished\":\"2025-08-23T04:44:16+00:00\",\"dateModified\":\"2025-11-08T05:38:00+00:00\",\"breadcrumb\":{\"@id\":\"https:\\\/\\\/alizel.de\\\/online\\\/impressum\\\/#breadcrumb\"},\"inLanguage\":\"de\",\"potentialAction\":[{\"@type\":\"ReadAction\",\"target\":[\"https:\\\/\\\/alizel.de\\\/online\\\/impressum\\\/\"]}]},{\"@type\":\"BreadcrumbList\",\"@id\":\"https:\\\/\\\/alizel.de\\\/online\\\/impressum\\\/#breadcrumb\",\"itemListElement\":[{\"@type\":\"ListItem\",\"position\":1,\"name\":\"Startseite\",\"item\":\"https:\\\/\\\/alizel.de\\\/online\\\/\"},{\"@type\":\"ListItem\",\"position\":2,\"name\":\"Impressum\"}]},{\"@type\":\"WebSite\",\"@id\":\"https:\\\/\\\/alizel.de\\\/online\\\/#website\",\"url\":\"https:\\\/\\\/alizel.de\\\/online\\\/\",\"name\":\"ALIZEL Shop\",\"description\":\"Online-Shop der ALIZEL Gruppe\",\"publisher\":{\"@id\":\"https:\\\/\\\/alizel.de\\\/online\\\/#organization\"},\"potentialAction\":[{\"@type\":\"SearchAction\",\"target\":{\"@type\":\"EntryPoint\",\"urlTemplate\":\"https:\\\/\\\/alizel.de\\\/online\\\/?s={search_term_string}\"},\"query-input\":{\"@type\":\"PropertyValueSpecification\",\"valueRequired\":true,\"valueName\":\"search_term_string\"}}],\"inLanguage\":\"de\"},{\"@type\":\"Organization\",\"@id\":\"https:\\\/\\\/alizel.de\\\/online\\\/#organization\",\"name\":\"ALIZEL Shop\",\"url\":\"https:\\\/\\\/alizel.de\\\/online\\\/\",\"logo\":{\"@type\":\"ImageObject\",\"inLanguage\":\"de\",\"@id\":\"https:\\\/\\\/alizel.de\\\/online\\\/#\\\/schema\\\/logo\\\/image\\\/\",\"url\":\"https:\\\/\\\/alizel.de\\\/shop\\\/wp-content\\\/uploads\\\/sites\\\/2\\\/2025\\\/08\\\/alizel100.jpg\",\"contentUrl\":\"https:\\\/\\\/alizel.de\\\/shop\\\/wp-content\\\/uploads\\\/sites\\\/2\\\/2025\\\/08\\\/alizel100.jpg\",\"width\":1069,\"height\":600,\"caption\":\"ALIZEL Shop\"},\"image\":{\"@id\":\"https:\\\/\\\/alizel.de\\\/online\\\/#\\\/schema\\\/logo\\\/image\\\/\"}}]}<\/script>\n<!-- \/ Yoast SEO plugin. -->","yoast_head_json":{"title":"Impressum - ALIZEL Online-Shop","robots":{"index":"index","follow":"follow","max-snippet":"max-snippet:-1","max-image-preview":"max-image-preview:large","max-video-preview":"max-video-preview:-1"},"canonical":"https:\/\/alizel.de\/online\/impressum\/","og_locale":"de_DE","og_type":"article","og_title":"Impressum - ALIZEL Online-Shop","og_description":"Anbieterkennzeichnung f\u00fcr das Online-Angebot ALIZEL.de Anbieter\/Betreiber ALIZELUntere Dorfstra\u00dfe 879843 L\u00f6ffingen, Deutschland Vertreten durch Alice Hastenteufel (Einzelunternehmen)(Adresse wie oben)E-Mail: hastenteufel(at)alizel.deTelefon: +49 (0)7654 80 88 288 Umsatzsteuer ID DE265609340 (Umsatzsteuer-Identifikationsnummer nach \u00a7 27a UStG) Inhaltlich verantwortlich Zeljko Zdesic(Adresse wie oben)E-Mail: admin(at)alizel.comTelefon: +49 (0)7654 80 88 980 Programmierung &amp; Design ALIMEDIA WerbeagenturKreativ. Kompetent. Transformativ.Website\u2197 Urheberrechte \/ Copyright Die...","og_url":"https:\/\/alizel.de\/online\/impressum\/","og_site_name":"ALIZEL Online-Shop","article_modified_time":"2025-11-08T05:38:00+00:00","twitter_card":"summary_large_image","twitter_misc":{"Gesch\u00e4tzte Lesezeit":"2\u00a0Minuten"},"schema":{"@context":"https:\/\/schema.org","@graph":[{"@type":"WebPage","@id":"https:\/\/alizel.de\/online\/impressum\/","url":"https:\/\/alizel.de\/online\/impressum\/","name":"Impressum - ALIZEL Online-Shop","isPartOf":{"@id":"https:\/\/alizel.de\/online\/#website"},"datePublished":"2025-08-23T04:44:16+00:00","dateModified":"2025-11-08T05:38:00+00:00","breadcrumb":{"@id":"https:\/\/alizel.de\/online\/impressum\/#breadcrumb"},"inLanguage":"de","potentialAction":[{"@type":"ReadAction","target":["https:\/\/alizel.de\/online\/impressum\/"]}]},{"@type":"BreadcrumbList","@id":"https:\/\/alizel.de\/online\/impressum\/#breadcrumb","itemListElement":[{"@type":"ListItem","position":1,"name":"Startseite","item":"https:\/\/alizel.de\/online\/"},{"@type":"ListItem","position":2,"name":"Impressum"}]},{"@type":"WebSite","@id":"https:\/\/alizel.de\/online\/#website","url":"https:\/\/alizel.de\/online\/","name":"ALIZEL Shop","description":"Online-Shop der ALIZEL Gruppe","publisher":{"@id":"https:\/\/alizel.de\/online\/#organization"},"potentialAction":[{"@type":"SearchAction","target":{"@type":"EntryPoint","urlTemplate":"https:\/\/alizel.de\/online\/?s={search_term_string}"},"query-input":{"@type":"PropertyValueSpecification","valueRequired":true,"valueName":"search_term_string"}}],"inLanguage":"de"},{"@type":"Organization","@id":"https:\/\/alizel.de\/online\/#organization","name":"ALIZEL Shop","url":"https:\/\/alizel.de\/online\/","logo":{"@type":"ImageObject","inLanguage":"de","@id":"https:\/\/alizel.de\/online\/#\/schema\/logo\/image\/","url":"https:\/\/alizel.de\/shop\/wp-content\/uploads\/sites\/2\/2025\/08\/alizel100.jpg","contentUrl":"https:\/\/alizel.de\/shop\/wp-content\/uploads\/sites\/2\/2025\/08\/alizel100.jpg","width":1069,"height":600,"caption":"ALIZEL Shop"},"image":{"@id":"https:\/\/alizel.de\/online\/#\/schema\/logo\/image\/"}}]}},"taxonomy_info":[],"featured_image_src_large":false,"author_info":{"display_name":"Zeljko","author_link":"https:\/\/alizel.de\/online\/author\/zeljko\/"},"comment_info":0,"_links":{"self":[{"href":"https:\/\/alizel.de\/online\/wp-json\/wp\/v2\/pages\/60","targetHints":{"allow":["GET"]}}],"collection":[{"href":"https:\/\/alizel.de\/online\/wp-json\/wp\/v2\/pages"}],"about":[{"href":"https:\/\/alizel.de\/online\/wp-json\/wp\/v2\/types\/page"}],"author":[{"embeddable":true,"href":"https:\/\/alizel.de\/online\/wp-json\/wp\/v2\/users\/1"}],"replies":[{"embeddable":true,"href":"https:\/\/alizel.de\/online\/wp-json\/wp\/v2\/comments?post=60"}],"version-history":[{"count":1,"href":"https:\/\/alizel.de\/online\/wp-json\/wp\/v2\/pages\/60\/revisions"}],"predecessor-version":[{"id":1005,"href":"https:\/\/alizel.de\/online\/wp-json\/wp\/v2\/pages\/60\/revisions\/1005"}],"wp:attachment":[{"href":"https:\/\/alizel.de\/online\/wp-json\/wp\/v2\/media?parent=60"}],"curies":[{"name":"wp","href":"https:\/\/api.w.org\/{rel}","templated":true}]}}