{"id":1027,"date":"2025-11-17T08:50:50","date_gmt":"2025-11-17T07:50:50","guid":{"rendered":"https:\/\/alizel.de\/online\/?post_type=product&#038;p=1027"},"modified":"2025-11-18T09:57:39","modified_gmt":"2025-11-18T08:57:39","slug":"tunika-bluse-london","status":"publish","type":"product","link":"https:\/\/alizel.de\/online\/produkt\/tunika-bluse-london\/","title":{"rendered":"Tunika Bluse London"},"content":{"rendered":"\n<h2 class=\"wp-block-heading\">Tunika Bluse London<\/h2>\n\n\n\n<p>Die farbenfrohe Tunika Bluse London mit langen Volant-\u00c4rmel, weiten Volant-geschm\u00fcckten Rundhalsausschnitt ist locker geschnitten mit au\u00dfen liegenden N\u00e4hten und Blumenmuster in Allover-Print Farben.<\/p>\n\n\n\n<p>Leichter und asymmetrischer Schnitt f\u00fcr dein Lifestyle, perfekt f\u00fcr die n\u00e4chste Sommer-Party und f\u00fcr viele bewundernde Blicke.<\/p>\n\n\n\n<h3 class=\"wp-block-heading\">Details Tunika Bluse London<\/h3>\n\n\n\n<ul class=\"wp-block-list\">\n<li>Material: 95% Viskose \/ 5% Elastan<\/li>\n\n\n\n<li>Verf\u00fcgbare Gr\u00f6\u00dfen: S\/M, M<\/li>\n\n\n\n<li>Gr\u00f6\u00dfenangabe S\/M: 1\/2 Oberweite: ca. 40 cm, L\u00e4nge ab Schulter: ca. 64 cm<\/li>\n\n\n\n<li>Gr\u00f6\u00dfenangabe M: 1\/2 Oberweite: ca. 42 cm, L\u00e4nge ab Schulter: ca. 66 cm<\/li>\n\n\n\n<li>Verf\u00fcgbare Farben: rot \/ braun*<\/li>\n\n\n\n<li>Pflegehinweise: separat Waschbar bei 40\u00b0C, nicht Trockner geeignet, B\u00fcgeln max. 110\u00b0C<\/li>\n\n\n\n<li>Zertifikation: Oeko-Tex 100<\/li>\n<\/ul>\n\n\n\n<p>Artikel-Nr.: 103001<br>Style: Spirituell, Volant-Bluse, Vintage Style, Boho Look, Boho-Stil, Boh\u00e8me-Stil, Bohemian-Style, Boho-Style, Hippie-Stil, Boho-Chic, Ibiza-Stil<\/p>\n\n\n\n<p>*Die dargestellten Farben in der Veranschaulichung am Bildschirm k\u00f6nnen von den Originalfarben abweichen.<\/p>\n","protected":false},"excerpt":{"rendered":"<p>Perfekt f\u00fcr die n\u00e4chste Sommer-Party.<\/p>\n","protected":false},"featured_media":1028,"comment_status":"closed","ping_status":"closed","template":"","meta":{"_kad_blocks_custom_css":"","_kad_blocks_head_custom_js":"","_kad_blocks_body_custom_js":"","_kad_blocks_footer_custom_js":"","_kad_post_transparent":"","_kad_post_title":"","_kad_post_layout":"","_kad_post_sidebar_id":"","_kad_post_content_style":"","_kad_post_vertical_padding":"","_kad_post_feature":"","_kad_post_feature_position":"","_kad_post_header":false,"_kad_post_footer":false,"_kad_post_classname":""},"product_brand":[],"product_cat":[119,143],"product_tag":[199,79],"product_brands":[],"class_list":{"0":"post-1027","1":"product","2":"type-product","3":"status-publish","4":"has-post-thumbnail","6":"product_cat-rabattaktion","7":"product_cat-wohlfuehlkleidung","8":"product_tag-lifestyle","9":"product_tag-spirituell","10":"product_shipping_class-paeckchen-bis-2-kg","11":"pa_farbe-rot-braun","12":"pa_groesse-m","13":"pa_groesse-s-m","15":"first","16":"instock","17":"sale","18":"taxable","19":"shipping-taxable","20":"purchasable","21":"product-type-variable","22":"entry","23":"content-bg","24":"loop-entry"},"yoast_head":"<!-- This site is optimized with the Yoast SEO plugin v27.5 - https:\/\/yoast.com\/product\/yoast-seo-wordpress\/ -->\n<title>Tunika Bluse London - ALIZEL Online-Shop<\/title>\n<meta name=\"robots\" content=\"index, follow, max-snippet:-1, max-image-preview:large, max-video-preview:-1\" \/>\n<link rel=\"canonical\" href=\"https:\/\/alizel.de\/online\/produkt\/tunika-bluse-london\/\" \/>\n<meta property=\"og:locale\" content=\"de_DE\" \/>\n<meta property=\"og:type\" content=\"article\" \/>\n<meta property=\"og:title\" content=\"Tunika Bluse London - ALIZEL Online-Shop\" \/>\n<meta property=\"og:description\" content=\"Perfekt f\u00fcr die n\u00e4chste Sommer-Party.\" \/>\n<meta property=\"og:url\" content=\"https:\/\/alizel.de\/online\/produkt\/tunika-bluse-london\/\" \/>\n<meta property=\"og:site_name\" content=\"ALIZEL Online-Shop\" \/>\n<meta property=\"article:modified_time\" content=\"2025-11-18T08:57:39+00:00\" \/>\n<meta property=\"og:image\" content=\"https:\/\/alizel.de\/online\/wp-content\/uploads\/sites\/2\/2025\/11\/103001b.jpg\" \/>\n\t<meta property=\"og:image:width\" content=\"600\" \/>\n\t<meta property=\"og:image:height\" content=\"600\" \/>\n\t<meta property=\"og:image:type\" content=\"image\/jpeg\" \/>\n<meta name=\"twitter:card\" content=\"summary_large_image\" \/>\n<meta name=\"twitter:label1\" content=\"Gesch\u00e4tzte Lesezeit\" \/>\n\t<meta name=\"twitter:data1\" content=\"1\u00a0Minute\" \/>\n<script type=\"application\/ld+json\" class=\"yoast-schema-graph\">{\"@context\":\"https:\\\/\\\/schema.org\",\"@graph\":[{\"@type\":\"WebPage\",\"@id\":\"https:\\\/\\\/alizel.de\\\/online\\\/produkt\\\/tunika-bluse-london\\\/\",\"url\":\"https:\\\/\\\/alizel.de\\\/online\\\/produkt\\\/tunika-bluse-london\\\/\",\"name\":\"Tunika Bluse London - ALIZEL Online-Shop\",\"isPartOf\":{\"@id\":\"https:\\\/\\\/alizel.de\\\/online\\\/#website\"},\"primaryImageOfPage\":{\"@id\":\"https:\\\/\\\/alizel.de\\\/online\\\/produkt\\\/tunika-bluse-london\\\/#primaryimage\"},\"image\":{\"@id\":\"https:\\\/\\\/alizel.de\\\/online\\\/produkt\\\/tunika-bluse-london\\\/#primaryimage\"},\"thumbnailUrl\":\"https:\\\/\\\/alizel.de\\\/online\\\/wp-content\\\/uploads\\\/sites\\\/2\\\/2025\\\/11\\\/103001b.jpg\",\"datePublished\":\"2025-11-17T07:50:50+00:00\",\"dateModified\":\"2025-11-18T08:57:39+00:00\",\"breadcrumb\":{\"@id\":\"https:\\\/\\\/alizel.de\\\/online\\\/produkt\\\/tunika-bluse-london\\\/#breadcrumb\"},\"inLanguage\":\"de\",\"potentialAction\":[{\"@type\":\"ReadAction\",\"target\":[\"https:\\\/\\\/alizel.de\\\/online\\\/produkt\\\/tunika-bluse-london\\\/\"]}]},{\"@type\":\"ImageObject\",\"inLanguage\":\"de\",\"@id\":\"https:\\\/\\\/alizel.de\\\/online\\\/produkt\\\/tunika-bluse-london\\\/#primaryimage\",\"url\":\"https:\\\/\\\/alizel.de\\\/online\\\/wp-content\\\/uploads\\\/sites\\\/2\\\/2025\\\/11\\\/103001b.jpg\",\"contentUrl\":\"https:\\\/\\\/alizel.de\\\/online\\\/wp-content\\\/uploads\\\/sites\\\/2\\\/2025\\\/11\\\/103001b.jpg\",\"width\":600,\"height\":600},{\"@type\":\"BreadcrumbList\",\"@id\":\"https:\\\/\\\/alizel.de\\\/online\\\/produkt\\\/tunika-bluse-london\\\/#breadcrumb\",\"itemListElement\":[{\"@type\":\"ListItem\",\"position\":1,\"name\":\"Startseite\",\"item\":\"https:\\\/\\\/alizel.de\\\/online\\\/\"},{\"@type\":\"ListItem\",\"position\":2,\"name\":\"Shop\",\"item\":\"https:\\\/\\\/alizel.de\\\/online\\\/shop\\\/\"},{\"@type\":\"ListItem\",\"position\":3,\"name\":\"Tunika Bluse London\"}]},{\"@type\":\"WebSite\",\"@id\":\"https:\\\/\\\/alizel.de\\\/online\\\/#website\",\"url\":\"https:\\\/\\\/alizel.de\\\/online\\\/\",\"name\":\"ALIZEL Shop\",\"description\":\"Online-Shop der ALIZEL Gruppe\",\"publisher\":{\"@id\":\"https:\\\/\\\/alizel.de\\\/online\\\/#organization\"},\"potentialAction\":[{\"@type\":\"SearchAction\",\"target\":{\"@type\":\"EntryPoint\",\"urlTemplate\":\"https:\\\/\\\/alizel.de\\\/online\\\/?s={search_term_string}\"},\"query-input\":{\"@type\":\"PropertyValueSpecification\",\"valueRequired\":true,\"valueName\":\"search_term_string\"}}],\"inLanguage\":\"de\"},{\"@type\":\"Organization\",\"@id\":\"https:\\\/\\\/alizel.de\\\/online\\\/#organization\",\"name\":\"ALIZEL Shop\",\"url\":\"https:\\\/\\\/alizel.de\\\/online\\\/\",\"logo\":{\"@type\":\"ImageObject\",\"inLanguage\":\"de\",\"@id\":\"https:\\\/\\\/alizel.de\\\/online\\\/#\\\/schema\\\/logo\\\/image\\\/\",\"url\":\"https:\\\/\\\/alizel.de\\\/shop\\\/wp-content\\\/uploads\\\/sites\\\/2\\\/2025\\\/08\\\/alizel100.jpg\",\"contentUrl\":\"https:\\\/\\\/alizel.de\\\/shop\\\/wp-content\\\/uploads\\\/sites\\\/2\\\/2025\\\/08\\\/alizel100.jpg\",\"width\":1069,\"height\":600,\"caption\":\"ALIZEL Shop\"},\"image\":{\"@id\":\"https:\\\/\\\/alizel.de\\\/online\\\/#\\\/schema\\\/logo\\\/image\\\/\"}}]}<\/script>\n<!-- \/ Yoast SEO plugin. -->","yoast_head_json":{"title":"Tunika Bluse London - ALIZEL Online-Shop","robots":{"index":"index","follow":"follow","max-snippet":"max-snippet:-1","max-image-preview":"max-image-preview:large","max-video-preview":"max-video-preview:-1"},"canonical":"https:\/\/alizel.de\/online\/produkt\/tunika-bluse-london\/","og_locale":"de_DE","og_type":"article","og_title":"Tunika Bluse London - ALIZEL Online-Shop","og_description":"Perfekt f\u00fcr die n\u00e4chste Sommer-Party.","og_url":"https:\/\/alizel.de\/online\/produkt\/tunika-bluse-london\/","og_site_name":"ALIZEL Online-Shop","article_modified_time":"2025-11-18T08:57:39+00:00","og_image":[{"width":600,"height":600,"url":"https:\/\/alizel.de\/online\/wp-content\/uploads\/sites\/2\/2025\/11\/103001b.jpg","type":"image\/jpeg"}],"twitter_card":"summary_large_image","twitter_misc":{"Gesch\u00e4tzte Lesezeit":"1\u00a0Minute"},"schema":{"@context":"https:\/\/schema.org","@graph":[{"@type":"WebPage","@id":"https:\/\/alizel.de\/online\/produkt\/tunika-bluse-london\/","url":"https:\/\/alizel.de\/online\/produkt\/tunika-bluse-london\/","name":"Tunika Bluse London - ALIZEL Online-Shop","isPartOf":{"@id":"https:\/\/alizel.de\/online\/#website"},"primaryImageOfPage":{"@id":"https:\/\/alizel.de\/online\/produkt\/tunika-bluse-london\/#primaryimage"},"image":{"@id":"https:\/\/alizel.de\/online\/produkt\/tunika-bluse-london\/#primaryimage"},"thumbnailUrl":"https:\/\/alizel.de\/online\/wp-content\/uploads\/sites\/2\/2025\/11\/103001b.jpg","datePublished":"2025-11-17T07:50:50+00:00","dateModified":"2025-11-18T08:57:39+00:00","breadcrumb":{"@id":"https:\/\/alizel.de\/online\/produkt\/tunika-bluse-london\/#breadcrumb"},"inLanguage":"de","potentialAction":[{"@type":"ReadAction","target":["https:\/\/alizel.de\/online\/produkt\/tunika-bluse-london\/"]}]},{"@type":"ImageObject","inLanguage":"de","@id":"https:\/\/alizel.de\/online\/produkt\/tunika-bluse-london\/#primaryimage","url":"https:\/\/alizel.de\/online\/wp-content\/uploads\/sites\/2\/2025\/11\/103001b.jpg","contentUrl":"https:\/\/alizel.de\/online\/wp-content\/uploads\/sites\/2\/2025\/11\/103001b.jpg","width":600,"height":600},{"@type":"BreadcrumbList","@id":"https:\/\/alizel.de\/online\/produkt\/tunika-bluse-london\/#breadcrumb","itemListElement":[{"@type":"ListItem","position":1,"name":"Startseite","item":"https:\/\/alizel.de\/online\/"},{"@type":"ListItem","position":2,"name":"Shop","item":"https:\/\/alizel.de\/online\/shop\/"},{"@type":"ListItem","position":3,"name":"Tunika Bluse London"}]},{"@type":"WebSite","@id":"https:\/\/alizel.de\/online\/#website","url":"https:\/\/alizel.de\/online\/","name":"ALIZEL Shop","description":"Online-Shop der ALIZEL Gruppe","publisher":{"@id":"https:\/\/alizel.de\/online\/#organization"},"potentialAction":[{"@type":"SearchAction","target":{"@type":"EntryPoint","urlTemplate":"https:\/\/alizel.de\/online\/?s={search_term_string}"},"query-input":{"@type":"PropertyValueSpecification","valueRequired":true,"valueName":"search_term_string"}}],"inLanguage":"de"},{"@type":"Organization","@id":"https:\/\/alizel.de\/online\/#organization","name":"ALIZEL Shop","url":"https:\/\/alizel.de\/online\/","logo":{"@type":"ImageObject","inLanguage":"de","@id":"https:\/\/alizel.de\/online\/#\/schema\/logo\/image\/","url":"https:\/\/alizel.de\/shop\/wp-content\/uploads\/sites\/2\/2025\/08\/alizel100.jpg","contentUrl":"https:\/\/alizel.de\/shop\/wp-content\/uploads\/sites\/2\/2025\/08\/alizel100.jpg","width":1069,"height":600,"caption":"ALIZEL Shop"},"image":{"@id":"https:\/\/alizel.de\/online\/#\/schema\/logo\/image\/"}}]}},"taxonomy_info":{"product_cat":[{"value":119,"label":"Rabattaktion"},{"value":143,"label":"Wohlf\u00fchlkleidung"}],"product_tag":[{"value":199,"label":"Lifestyle"},{"value":79,"label":"Spirituell"}],"pa_farbe":[{"value":220,"label":"rot\/braun"}],"pa_groesse":[{"value":164,"label":"M"},{"value":219,"label":"S\/M"}]},"featured_image_src_large":["https:\/\/alizel.de\/online\/wp-content\/uploads\/sites\/2\/2025\/11\/103001b.jpg",600,600,false],"author_info":[],"comment_info":0,"_links":{"self":[{"href":"https:\/\/alizel.de\/online\/wp-json\/wp\/v2\/product\/1027","targetHints":{"allow":["GET"]}}],"collection":[{"href":"https:\/\/alizel.de\/online\/wp-json\/wp\/v2\/product"}],"about":[{"href":"https:\/\/alizel.de\/online\/wp-json\/wp\/v2\/types\/product"}],"replies":[{"embeddable":true,"href":"https:\/\/alizel.de\/online\/wp-json\/wp\/v2\/comments?post=1027"}],"wp:featuredmedia":[{"embeddable":true,"href":"https:\/\/alizel.de\/online\/wp-json\/wp\/v2\/media\/1028"}],"wp:attachment":[{"href":"https:\/\/alizel.de\/online\/wp-json\/wp\/v2\/media?parent=1027"}],"wp:term":[{"taxonomy":"product_brand","embeddable":true,"href":"https:\/\/alizel.de\/online\/wp-json\/wp\/v2\/product_brand?post=1027"},{"taxonomy":"product_cat","embeddable":true,"href":"https:\/\/alizel.de\/online\/wp-json\/wp\/v2\/product_cat?post=1027"},{"taxonomy":"product_tag","embeddable":true,"href":"https:\/\/alizel.de\/online\/wp-json\/wp\/v2\/product_tag?post=1027"},{"taxonomy":"product_brands","embeddable":true,"href":"https:\/\/alizel.de\/online\/wp-json\/wp\/v2\/product_brands?post=1027"}],"curies":[{"name":"wp","href":"https:\/\/api.w.org\/{rel}","templated":true}]}}