{"id":386,"date":"2025-09-03T11:33:37","date_gmt":"2025-09-03T09:33:37","guid":{"rendered":"https:\/\/alizel.de\/online\/?post_type=product&#038;p=386"},"modified":"2025-09-05T06:44:21","modified_gmt":"2025-09-05T04:44:21","slug":"80-cm-halskette-fluorit-tuerkis-stone","status":"publish","type":"product","link":"https:\/\/alizel.de\/online\/produkt\/80-cm-halskette-fluorit-tuerkis-stone\/","title":{"rendered":"80 cm Halskette Fluorit T\u00fcrkis Stone"},"content":{"rendered":"\n<h2 class=\"wp-block-heading\">Halskette Fluorit T\u00fcrkis Stone, 80 cm<\/h2>\n\n\n\n<p>Geschlossene Halskette Fluorit T\u00fcrkis Stone mit einer l\u00e4nge von ca. 80 cm und einer ca. 12 cm langen Quaste. Der 3,0 x 4,0 cm ovale Fluorit Stein ist nicht nur ein Blickfang, ihm werden positive Auswirkungen bei Wunden, Gelenkbeschwerden und Arthritis nachgesagt. Au\u00dferdem soll er \u00c4ngste reduzieren sowie das Lernen und die Konzentration f\u00f6rdern.<\/p>\n\n\n\n<p>Die Kette besteht aus einem Fluorit-Stein, Kunstperlen und Glasperlen. Lieferung im Aufbewahrungsbeutel aus 100 % Baumwolle. Lieferung ohne Deko.<\/p>\n\n\n\n<h3 class=\"wp-block-heading\">Spirituelle Bedeutung<\/h3>\n\n\n\n<p>In der spirituellen Welt steht der Fluorit f\u00fcr emotionale Stabilit\u00e4t und starkes Selbstvertrauen. Er soll schnelle Auffassungsgabe f\u00f6rdern sowie Unterbewusstsein, Denk- und Verhaltensmuster positiv beeinflussen.<\/p>\n\n\n\n<h3 class=\"wp-block-heading\">Details zu Halskette Fluorit T\u00fcrkis Stone<\/h3>\n\n\n\n<ul class=\"wp-block-list\">\n<li>Farbe Halskette: transparent\/wei\u00df\/t\u00fcrkis<\/li>\n\n\n\n<li>Verschluss: ohne<\/li>\n\n\n\n<li>L\u00e4nge Halskette: ca. 80 + 12 cm Quast<\/li>\n\n\n\n<li>Gr\u00f6\u00dfe Fluorit-Stein: ca. 3,0 x 4,0 cm<\/li>\n\n\n\n<li>Beutel: 100% Baumwolle, Naturell<\/li>\n\n\n\n<li>Artikel-Nr.: 401005<\/li>\n\n\n\n<li>Style: Fluoritschmuck, XL-Collier, Halsschmuck<\/li>\n<\/ul>\n\n\n\n<h3 class=\"wp-block-heading\">Rechtliche Hinweise<\/h3>\n\n\n\n<p>Wissenschaftliche Belege f\u00fcr die Wirksamkeit liegen nicht vor. Die Anwendung ersetzt keine \u00e4rztliche Behandlung, es ist keine Therapie im \u00e4rztlichen Sinne und stellt auch kein Heilversprechen dar.<\/p>\n\n\n\n<p>Tags: Flussspat, Calciumfluorid<\/p>\n","protected":false},"excerpt":{"rendered":"<p>Geschlossene Halskette ohne Verschluss mit Fluorit-Stein.<\/p>\n","protected":false},"featured_media":387,"comment_status":"closed","ping_status":"closed","template":"","meta":{"_kad_blocks_custom_css":"","_kad_blocks_head_custom_js":"","_kad_blocks_body_custom_js":"","_kad_blocks_footer_custom_js":"","_kad_post_transparent":"","_kad_post_title":"","_kad_post_layout":"","_kad_post_sidebar_id":"","_kad_post_content_style":"","_kad_post_vertical_padding":"","_kad_post_feature":"","_kad_post_feature_position":"","_kad_post_header":false,"_kad_post_footer":false,"_kad_post_classname":""},"product_brand":[],"product_cat":[74],"product_tag":[80,78,77,79],"product_brands":[],"class_list":{"0":"post-386","1":"product","2":"type-product","3":"status-publish","4":"has-post-thumbnail","6":"product_cat-wohlfuehl-accessoires","7":"product_tag-bewusstsein","8":"product_tag-heilsteine","9":"product_tag-schmuck","10":"product_tag-spirituell","11":"product_shipping_class-waren-bis-50-g","13":"first","14":"instock","15":"taxable","16":"shipping-taxable","17":"purchasable","18":"product-type-simple","19":"entry","20":"content-bg","21":"loop-entry"},"yoast_head":"<!-- This site is optimized with the Yoast SEO plugin v27.5 - https:\/\/yoast.com\/product\/yoast-seo-wordpress\/ -->\n<title>80 cm Halskette Fluorit T\u00fcrkis Stone - ALIZEL Online-Shop<\/title>\n<meta name=\"robots\" content=\"index, follow, max-snippet:-1, max-image-preview:large, max-video-preview:-1\" \/>\n<link rel=\"canonical\" href=\"https:\/\/alizel.de\/online\/produkt\/80-cm-halskette-fluorit-tuerkis-stone\/\" \/>\n<meta property=\"og:locale\" content=\"de_DE\" \/>\n<meta property=\"og:type\" content=\"article\" \/>\n<meta property=\"og:title\" content=\"80 cm Halskette Fluorit T\u00fcrkis Stone - ALIZEL Online-Shop\" \/>\n<meta property=\"og:description\" content=\"Geschlossene Halskette ohne Verschluss mit Fluorit-Stein.\" \/>\n<meta property=\"og:url\" content=\"https:\/\/alizel.de\/online\/produkt\/80-cm-halskette-fluorit-tuerkis-stone\/\" \/>\n<meta property=\"og:site_name\" content=\"ALIZEL Online-Shop\" \/>\n<meta property=\"article:modified_time\" content=\"2025-09-05T04:44:21+00:00\" \/>\n<meta property=\"og:image\" content=\"https:\/\/alizel.de\/online\/wp-content\/uploads\/sites\/2\/2025\/09\/401005a.jpg\" \/>\n\t<meta property=\"og:image:width\" content=\"800\" \/>\n\t<meta property=\"og:image:height\" content=\"800\" \/>\n\t<meta property=\"og:image:type\" content=\"image\/jpeg\" \/>\n<meta name=\"twitter:card\" content=\"summary_large_image\" \/>\n<meta name=\"twitter:label1\" content=\"Gesch\u00e4tzte Lesezeit\" \/>\n\t<meta name=\"twitter:data1\" content=\"2\u00a0Minuten\" \/>\n<script type=\"application\/ld+json\" class=\"yoast-schema-graph\">{\"@context\":\"https:\\\/\\\/schema.org\",\"@graph\":[{\"@type\":\"WebPage\",\"@id\":\"https:\\\/\\\/alizel.de\\\/online\\\/produkt\\\/80-cm-halskette-fluorit-tuerkis-stone\\\/\",\"url\":\"https:\\\/\\\/alizel.de\\\/online\\\/produkt\\\/80-cm-halskette-fluorit-tuerkis-stone\\\/\",\"name\":\"80 cm Halskette Fluorit T\u00fcrkis Stone - ALIZEL Online-Shop\",\"isPartOf\":{\"@id\":\"https:\\\/\\\/alizel.de\\\/online\\\/#website\"},\"primaryImageOfPage\":{\"@id\":\"https:\\\/\\\/alizel.de\\\/online\\\/produkt\\\/80-cm-halskette-fluorit-tuerkis-stone\\\/#primaryimage\"},\"image\":{\"@id\":\"https:\\\/\\\/alizel.de\\\/online\\\/produkt\\\/80-cm-halskette-fluorit-tuerkis-stone\\\/#primaryimage\"},\"thumbnailUrl\":\"https:\\\/\\\/alizel.de\\\/online\\\/wp-content\\\/uploads\\\/sites\\\/2\\\/2025\\\/09\\\/401005a.jpg\",\"datePublished\":\"2025-09-03T09:33:37+00:00\",\"dateModified\":\"2025-09-05T04:44:21+00:00\",\"breadcrumb\":{\"@id\":\"https:\\\/\\\/alizel.de\\\/online\\\/produkt\\\/80-cm-halskette-fluorit-tuerkis-stone\\\/#breadcrumb\"},\"inLanguage\":\"de\",\"potentialAction\":[{\"@type\":\"ReadAction\",\"target\":[\"https:\\\/\\\/alizel.de\\\/online\\\/produkt\\\/80-cm-halskette-fluorit-tuerkis-stone\\\/\"]}]},{\"@type\":\"ImageObject\",\"inLanguage\":\"de\",\"@id\":\"https:\\\/\\\/alizel.de\\\/online\\\/produkt\\\/80-cm-halskette-fluorit-tuerkis-stone\\\/#primaryimage\",\"url\":\"https:\\\/\\\/alizel.de\\\/online\\\/wp-content\\\/uploads\\\/sites\\\/2\\\/2025\\\/09\\\/401005a.jpg\",\"contentUrl\":\"https:\\\/\\\/alizel.de\\\/online\\\/wp-content\\\/uploads\\\/sites\\\/2\\\/2025\\\/09\\\/401005a.jpg\",\"width\":800,\"height\":800},{\"@type\":\"BreadcrumbList\",\"@id\":\"https:\\\/\\\/alizel.de\\\/online\\\/produkt\\\/80-cm-halskette-fluorit-tuerkis-stone\\\/#breadcrumb\",\"itemListElement\":[{\"@type\":\"ListItem\",\"position\":1,\"name\":\"Startseite\",\"item\":\"https:\\\/\\\/alizel.de\\\/online\\\/\"},{\"@type\":\"ListItem\",\"position\":2,\"name\":\"Shop\",\"item\":\"https:\\\/\\\/alizel.de\\\/online\\\/shop\\\/\"},{\"@type\":\"ListItem\",\"position\":3,\"name\":\"80 cm Halskette Fluorit T\u00fcrkis Stone\"}]},{\"@type\":\"WebSite\",\"@id\":\"https:\\\/\\\/alizel.de\\\/online\\\/#website\",\"url\":\"https:\\\/\\\/alizel.de\\\/online\\\/\",\"name\":\"ALIZEL Shop\",\"description\":\"Online-Shop der ALIZEL Gruppe\",\"publisher\":{\"@id\":\"https:\\\/\\\/alizel.de\\\/online\\\/#organization\"},\"potentialAction\":[{\"@type\":\"SearchAction\",\"target\":{\"@type\":\"EntryPoint\",\"urlTemplate\":\"https:\\\/\\\/alizel.de\\\/online\\\/?s={search_term_string}\"},\"query-input\":{\"@type\":\"PropertyValueSpecification\",\"valueRequired\":true,\"valueName\":\"search_term_string\"}}],\"inLanguage\":\"de\"},{\"@type\":\"Organization\",\"@id\":\"https:\\\/\\\/alizel.de\\\/online\\\/#organization\",\"name\":\"ALIZEL Shop\",\"url\":\"https:\\\/\\\/alizel.de\\\/online\\\/\",\"logo\":{\"@type\":\"ImageObject\",\"inLanguage\":\"de\",\"@id\":\"https:\\\/\\\/alizel.de\\\/online\\\/#\\\/schema\\\/logo\\\/image\\\/\",\"url\":\"https:\\\/\\\/alizel.de\\\/shop\\\/wp-content\\\/uploads\\\/sites\\\/2\\\/2025\\\/08\\\/alizel100.jpg\",\"contentUrl\":\"https:\\\/\\\/alizel.de\\\/shop\\\/wp-content\\\/uploads\\\/sites\\\/2\\\/2025\\\/08\\\/alizel100.jpg\",\"width\":1069,\"height\":600,\"caption\":\"ALIZEL Shop\"},\"image\":{\"@id\":\"https:\\\/\\\/alizel.de\\\/online\\\/#\\\/schema\\\/logo\\\/image\\\/\"}}]}<\/script>\n<!-- \/ Yoast SEO plugin. -->","yoast_head_json":{"title":"80 cm Halskette Fluorit T\u00fcrkis Stone - ALIZEL Online-Shop","robots":{"index":"index","follow":"follow","max-snippet":"max-snippet:-1","max-image-preview":"max-image-preview:large","max-video-preview":"max-video-preview:-1"},"canonical":"https:\/\/alizel.de\/online\/produkt\/80-cm-halskette-fluorit-tuerkis-stone\/","og_locale":"de_DE","og_type":"article","og_title":"80 cm Halskette Fluorit T\u00fcrkis Stone - ALIZEL Online-Shop","og_description":"Geschlossene Halskette ohne Verschluss mit Fluorit-Stein.","og_url":"https:\/\/alizel.de\/online\/produkt\/80-cm-halskette-fluorit-tuerkis-stone\/","og_site_name":"ALIZEL Online-Shop","article_modified_time":"2025-09-05T04:44:21+00:00","og_image":[{"width":800,"height":800,"url":"https:\/\/alizel.de\/online\/wp-content\/uploads\/sites\/2\/2025\/09\/401005a.jpg","type":"image\/jpeg"}],"twitter_card":"summary_large_image","twitter_misc":{"Gesch\u00e4tzte Lesezeit":"2\u00a0Minuten"},"schema":{"@context":"https:\/\/schema.org","@graph":[{"@type":"WebPage","@id":"https:\/\/alizel.de\/online\/produkt\/80-cm-halskette-fluorit-tuerkis-stone\/","url":"https:\/\/alizel.de\/online\/produkt\/80-cm-halskette-fluorit-tuerkis-stone\/","name":"80 cm Halskette Fluorit T\u00fcrkis Stone - ALIZEL Online-Shop","isPartOf":{"@id":"https:\/\/alizel.de\/online\/#website"},"primaryImageOfPage":{"@id":"https:\/\/alizel.de\/online\/produkt\/80-cm-halskette-fluorit-tuerkis-stone\/#primaryimage"},"image":{"@id":"https:\/\/alizel.de\/online\/produkt\/80-cm-halskette-fluorit-tuerkis-stone\/#primaryimage"},"thumbnailUrl":"https:\/\/alizel.de\/online\/wp-content\/uploads\/sites\/2\/2025\/09\/401005a.jpg","datePublished":"2025-09-03T09:33:37+00:00","dateModified":"2025-09-05T04:44:21+00:00","breadcrumb":{"@id":"https:\/\/alizel.de\/online\/produkt\/80-cm-halskette-fluorit-tuerkis-stone\/#breadcrumb"},"inLanguage":"de","potentialAction":[{"@type":"ReadAction","target":["https:\/\/alizel.de\/online\/produkt\/80-cm-halskette-fluorit-tuerkis-stone\/"]}]},{"@type":"ImageObject","inLanguage":"de","@id":"https:\/\/alizel.de\/online\/produkt\/80-cm-halskette-fluorit-tuerkis-stone\/#primaryimage","url":"https:\/\/alizel.de\/online\/wp-content\/uploads\/sites\/2\/2025\/09\/401005a.jpg","contentUrl":"https:\/\/alizel.de\/online\/wp-content\/uploads\/sites\/2\/2025\/09\/401005a.jpg","width":800,"height":800},{"@type":"BreadcrumbList","@id":"https:\/\/alizel.de\/online\/produkt\/80-cm-halskette-fluorit-tuerkis-stone\/#breadcrumb","itemListElement":[{"@type":"ListItem","position":1,"name":"Startseite","item":"https:\/\/alizel.de\/online\/"},{"@type":"ListItem","position":2,"name":"Shop","item":"https:\/\/alizel.de\/online\/shop\/"},{"@type":"ListItem","position":3,"name":"80 cm Halskette Fluorit T\u00fcrkis Stone"}]},{"@type":"WebSite","@id":"https:\/\/alizel.de\/online\/#website","url":"https:\/\/alizel.de\/online\/","name":"ALIZEL Shop","description":"Online-Shop der ALIZEL Gruppe","publisher":{"@id":"https:\/\/alizel.de\/online\/#organization"},"potentialAction":[{"@type":"SearchAction","target":{"@type":"EntryPoint","urlTemplate":"https:\/\/alizel.de\/online\/?s={search_term_string}"},"query-input":{"@type":"PropertyValueSpecification","valueRequired":true,"valueName":"search_term_string"}}],"inLanguage":"de"},{"@type":"Organization","@id":"https:\/\/alizel.de\/online\/#organization","name":"ALIZEL Shop","url":"https:\/\/alizel.de\/online\/","logo":{"@type":"ImageObject","inLanguage":"de","@id":"https:\/\/alizel.de\/online\/#\/schema\/logo\/image\/","url":"https:\/\/alizel.de\/shop\/wp-content\/uploads\/sites\/2\/2025\/08\/alizel100.jpg","contentUrl":"https:\/\/alizel.de\/shop\/wp-content\/uploads\/sites\/2\/2025\/08\/alizel100.jpg","width":1069,"height":600,"caption":"ALIZEL Shop"},"image":{"@id":"https:\/\/alizel.de\/online\/#\/schema\/logo\/image\/"}}]}},"taxonomy_info":{"product_cat":[{"value":74,"label":"Wohlf\u00fchl-Accessoires"}],"product_tag":[{"value":80,"label":"Bewusstsein"},{"value":78,"label":"Heilsteine"},{"value":77,"label":"Schmuck"},{"value":79,"label":"Spirituell"}]},"featured_image_src_large":["https:\/\/alizel.de\/online\/wp-content\/uploads\/sites\/2\/2025\/09\/401005a.jpg",800,800,false],"author_info":[],"comment_info":0,"_links":{"self":[{"href":"https:\/\/alizel.de\/online\/wp-json\/wp\/v2\/product\/386","targetHints":{"allow":["GET"]}}],"collection":[{"href":"https:\/\/alizel.de\/online\/wp-json\/wp\/v2\/product"}],"about":[{"href":"https:\/\/alizel.de\/online\/wp-json\/wp\/v2\/types\/product"}],"replies":[{"embeddable":true,"href":"https:\/\/alizel.de\/online\/wp-json\/wp\/v2\/comments?post=386"}],"wp:featuredmedia":[{"embeddable":true,"href":"https:\/\/alizel.de\/online\/wp-json\/wp\/v2\/media\/387"}],"wp:attachment":[{"href":"https:\/\/alizel.de\/online\/wp-json\/wp\/v2\/media?parent=386"}],"wp:term":[{"taxonomy":"product_brand","embeddable":true,"href":"https:\/\/alizel.de\/online\/wp-json\/wp\/v2\/product_brand?post=386"},{"taxonomy":"product_cat","embeddable":true,"href":"https:\/\/alizel.de\/online\/wp-json\/wp\/v2\/product_cat?post=386"},{"taxonomy":"product_tag","embeddable":true,"href":"https:\/\/alizel.de\/online\/wp-json\/wp\/v2\/product_tag?post=386"},{"taxonomy":"product_brands","embeddable":true,"href":"https:\/\/alizel.de\/online\/wp-json\/wp\/v2\/product_brands?post=386"}],"curies":[{"name":"wp","href":"https:\/\/api.w.org\/{rel}","templated":true}]}}