{"id":475,"date":"2025-09-07T08:29:11","date_gmt":"2025-09-07T06:29:11","guid":{"rendered":"https:\/\/alizel.de\/online\/?post_type=product&#038;p=475"},"modified":"2025-10-19T07:32:26","modified_gmt":"2025-10-19T05:32:26","slug":"mehrseitige-website-balance","status":"publish","type":"product","link":"https:\/\/alizel.de\/online\/produkt\/mehrseitige-website-balance\/","title":{"rendered":"Mehrseitige Website Balance"},"content":{"rendered":"\n<h2 class=\"wp-block-heading\">Mehrseitige Website Balance Paket<\/h2>\n\n\n\n<p>Die Mehrseitige Website Balance ist f\u00fcr dein ganzheitliches Business konzipiert. Denn du verdienst ein ma\u00dfgeschneidertes Webdesign, das Verbindung zu potenziellen Kunden herstellt, Vertrauen aufbaut und dir mehr Anfragen liefert.<\/p>\n\n\n\n<p>Eine gute Website ist mehr als nur eine Ansammlung von Text und Bildern. Besonders dann, wenn es um Produkte, Services und Dienstleistungen zu Gesundheit, Wohlbefinden und Pers\u00f6nlichkeit anderer geht.<\/p>\n\n\n\n<h3 class=\"wp-block-heading\">Die L\u00f6sung<\/h3>\n\n\n\n<p>Deine perfekte Website &#8211; Stell dir vor, du bekommst eine auf dein Business ma\u00dfgeschneiderte Online-Pr\u00e4senz, die deine einzigartige Pers\u00f6nlichkeit und deine Angebote einf\u00fchlsam, pr\u00e4zise und vertrauensw\u00fcrdig in Szene setzt.<\/p>\n\n\n\n<p>Ein Online-Auftritt das zum Leben erweckt, deine Werte widerspiegelt, potenzielle Kunden anzieht und zum handeln animiert.<\/p>\n\n\n\n<h3 class=\"wp-block-heading\">Unsere Zielgruppe<\/h3>\n\n\n\n<p>Ma\u00dfgeschneiderte Websites f\u00fcr Energieheiler, Heilpraktiker, ganzheitliche Therapeuten, Gesundheitsberater, Ern\u00e4hrungsberater und \u00e4hnliche Berufe \u2013 immer abgestimmt auf die individuellen Bed\u00fcrfnisse.<\/p>\n\n\n\n<h3 class=\"wp-block-heading\">Im Mehrseitige Website Balance Paket enthalten<\/h3>\n\n\n\n<ul class=\"wp-block-list\">\n<li>Individuelle Beratung<\/li>\n\n\n\n<li>Individuelles Corporate Design<\/li>\n\n\n\n<li>Responsives Design<\/li>\n\n\n\n<li>Barrierefreies Webdesign<\/li>\n\n\n\n<li>Schnelle Ladezeiten<\/li>\n\n\n\n<li>Homepage + 5 Unterseiten<\/li>\n\n\n\n<li>Tool Terminbuchung<\/li>\n\n\n\n<li>SEO-Basis<\/li>\n\n\n\n<li>Cookie Content Banner<\/li>\n\n\n\n<li>Eigene Bearbeitung m\u00f6glich<\/li>\n\n\n\n<li>Erweiterungsf\u00e4hig<\/li>\n<\/ul>\n\n\n\n<p>Art.Nr.: 9040306<\/p>\n","protected":false},"excerpt":{"rendered":"<p>Ma\u00dfgeschneiderte Website f\u00fcr ein umfassendes Online-Angebot.<\/p>\n","protected":false},"featured_media":926,"comment_status":"closed","ping_status":"closed","template":"","meta":{"_kad_blocks_custom_css":"","_kad_blocks_head_custom_js":"","_kad_blocks_body_custom_js":"","_kad_blocks_footer_custom_js":"","_kad_post_transparent":"","_kad_post_title":"","_kad_post_layout":"","_kad_post_sidebar_id":"","_kad_post_content_style":"","_kad_post_vertical_padding":"","_kad_post_feature":"","_kad_post_feature_position":"","_kad_post_header":false,"_kad_post_footer":false,"_kad_post_classname":""},"product_brand":[],"product_cat":[67],"product_tag":[114,115,116,205],"product_brands":[76],"class_list":{"0":"post-475","1":"product","2":"type-product","3":"status-publish","4":"has-post-thumbnail","6":"product_cat-marketing-webdesign","7":"product_tag-agentur","8":"product_tag-marketing","9":"product_tag-seo","10":"product_tag-website","11":"product_brands-alimedia","13":"first","14":"instock","15":"taxable","16":"shipping-taxable","17":"product-type-external","18":"entry","19":"content-bg","20":"loop-entry"},"yoast_head":"<!-- This site is optimized with the Yoast SEO plugin v27.4 - https:\/\/yoast.com\/product\/yoast-seo-wordpress\/ -->\n<title>Mehrseitige Website Balance - ALIZEL Online-Shop<\/title>\n<meta name=\"description\" content=\"Ma\u00dfgeschneidertes Paket f\u00fcr alle, die ganzheitlich mit Bewusstsein, Gesundheit, Heilung und pers\u00f6nlicher Entwicklung arbeiten - Mehrseitige Website Balance.\" \/>\n<meta name=\"robots\" content=\"index, follow, max-snippet:-1, max-image-preview:large, max-video-preview:-1\" \/>\n<link rel=\"canonical\" href=\"https:\/\/alizel.de\/online\/produkt\/mehrseitige-website-balance\/\" \/>\n<meta property=\"og:locale\" content=\"de_DE\" \/>\n<meta property=\"og:type\" content=\"article\" \/>\n<meta property=\"og:title\" content=\"Mehrseitige Website Balance - ALIZEL Online-Shop\" \/>\n<meta property=\"og:description\" content=\"Ma\u00dfgeschneidertes Paket f\u00fcr alle, die ganzheitlich mit Bewusstsein, Gesundheit, Heilung und pers\u00f6nlicher Entwicklung arbeiten - Mehrseitige Website Balance.\" \/>\n<meta property=\"og:url\" content=\"https:\/\/alizel.de\/online\/produkt\/mehrseitige-website-balance\/\" \/>\n<meta property=\"og:site_name\" content=\"ALIZEL Online-Shop\" \/>\n<meta property=\"article:modified_time\" content=\"2025-10-19T05:32:26+00:00\" \/>\n<meta property=\"og:image\" content=\"https:\/\/alizel.de\/online\/wp-content\/uploads\/sites\/2\/2025\/09\/web9040306.webp\" \/>\n\t<meta property=\"og:image:width\" content=\"800\" \/>\n\t<meta property=\"og:image:height\" content=\"800\" \/>\n\t<meta property=\"og:image:type\" content=\"image\/webp\" \/>\n<meta name=\"twitter:card\" content=\"summary_large_image\" \/>\n<meta name=\"twitter:label1\" content=\"Gesch\u00e4tzte Lesezeit\" \/>\n\t<meta name=\"twitter:data1\" content=\"2\u00a0Minuten\" \/>\n<script type=\"application\/ld+json\" class=\"yoast-schema-graph\">{\"@context\":\"https:\\\/\\\/schema.org\",\"@graph\":[{\"@type\":\"WebPage\",\"@id\":\"https:\\\/\\\/alizel.de\\\/online\\\/produkt\\\/mehrseitige-website-balance\\\/\",\"url\":\"https:\\\/\\\/alizel.de\\\/online\\\/produkt\\\/mehrseitige-website-balance\\\/\",\"name\":\"Mehrseitige Website Balance - ALIZEL Online-Shop\",\"isPartOf\":{\"@id\":\"https:\\\/\\\/alizel.de\\\/online\\\/#website\"},\"primaryImageOfPage\":{\"@id\":\"https:\\\/\\\/alizel.de\\\/online\\\/produkt\\\/mehrseitige-website-balance\\\/#primaryimage\"},\"image\":{\"@id\":\"https:\\\/\\\/alizel.de\\\/online\\\/produkt\\\/mehrseitige-website-balance\\\/#primaryimage\"},\"thumbnailUrl\":\"https:\\\/\\\/alizel.de\\\/online\\\/wp-content\\\/uploads\\\/sites\\\/2\\\/2025\\\/09\\\/web9040306.webp\",\"datePublished\":\"2025-09-07T06:29:11+00:00\",\"dateModified\":\"2025-10-19T05:32:26+00:00\",\"description\":\"Ma\u00dfgeschneidertes Paket f\u00fcr alle, die ganzheitlich mit Bewusstsein, Gesundheit, Heilung und pers\u00f6nlicher Entwicklung arbeiten - Mehrseitige Website Balance.\",\"breadcrumb\":{\"@id\":\"https:\\\/\\\/alizel.de\\\/online\\\/produkt\\\/mehrseitige-website-balance\\\/#breadcrumb\"},\"inLanguage\":\"de\",\"potentialAction\":[{\"@type\":\"ReadAction\",\"target\":[\"https:\\\/\\\/alizel.de\\\/online\\\/produkt\\\/mehrseitige-website-balance\\\/\"]}]},{\"@type\":\"ImageObject\",\"inLanguage\":\"de\",\"@id\":\"https:\\\/\\\/alizel.de\\\/online\\\/produkt\\\/mehrseitige-website-balance\\\/#primaryimage\",\"url\":\"https:\\\/\\\/alizel.de\\\/online\\\/wp-content\\\/uploads\\\/sites\\\/2\\\/2025\\\/09\\\/web9040306.webp\",\"contentUrl\":\"https:\\\/\\\/alizel.de\\\/online\\\/wp-content\\\/uploads\\\/sites\\\/2\\\/2025\\\/09\\\/web9040306.webp\",\"width\":800,\"height\":800,\"caption\":\"Mehrseitige Website Balance\"},{\"@type\":\"BreadcrumbList\",\"@id\":\"https:\\\/\\\/alizel.de\\\/online\\\/produkt\\\/mehrseitige-website-balance\\\/#breadcrumb\",\"itemListElement\":[{\"@type\":\"ListItem\",\"position\":1,\"name\":\"Startseite\",\"item\":\"https:\\\/\\\/alizel.de\\\/online\\\/\"},{\"@type\":\"ListItem\",\"position\":2,\"name\":\"Shop\",\"item\":\"https:\\\/\\\/alizel.de\\\/online\\\/shop\\\/\"},{\"@type\":\"ListItem\",\"position\":3,\"name\":\"Mehrseitige Website Balance\"}]},{\"@type\":\"WebSite\",\"@id\":\"https:\\\/\\\/alizel.de\\\/online\\\/#website\",\"url\":\"https:\\\/\\\/alizel.de\\\/online\\\/\",\"name\":\"ALIZEL Shop\",\"description\":\"Online-Shop der ALIZEL Gruppe\",\"publisher\":{\"@id\":\"https:\\\/\\\/alizel.de\\\/online\\\/#organization\"},\"potentialAction\":[{\"@type\":\"SearchAction\",\"target\":{\"@type\":\"EntryPoint\",\"urlTemplate\":\"https:\\\/\\\/alizel.de\\\/online\\\/?s={search_term_string}\"},\"query-input\":{\"@type\":\"PropertyValueSpecification\",\"valueRequired\":true,\"valueName\":\"search_term_string\"}}],\"inLanguage\":\"de\"},{\"@type\":\"Organization\",\"@id\":\"https:\\\/\\\/alizel.de\\\/online\\\/#organization\",\"name\":\"ALIZEL Shop\",\"url\":\"https:\\\/\\\/alizel.de\\\/online\\\/\",\"logo\":{\"@type\":\"ImageObject\",\"inLanguage\":\"de\",\"@id\":\"https:\\\/\\\/alizel.de\\\/online\\\/#\\\/schema\\\/logo\\\/image\\\/\",\"url\":\"https:\\\/\\\/alizel.de\\\/shop\\\/wp-content\\\/uploads\\\/sites\\\/2\\\/2025\\\/08\\\/alizel100.jpg\",\"contentUrl\":\"https:\\\/\\\/alizel.de\\\/shop\\\/wp-content\\\/uploads\\\/sites\\\/2\\\/2025\\\/08\\\/alizel100.jpg\",\"width\":1069,\"height\":600,\"caption\":\"ALIZEL Shop\"},\"image\":{\"@id\":\"https:\\\/\\\/alizel.de\\\/online\\\/#\\\/schema\\\/logo\\\/image\\\/\"}}]}<\/script>\n<!-- \/ Yoast SEO plugin. -->","yoast_head_json":{"title":"Mehrseitige Website Balance - ALIZEL Online-Shop","description":"Ma\u00dfgeschneidertes Paket f\u00fcr alle, die ganzheitlich mit Bewusstsein, Gesundheit, Heilung und pers\u00f6nlicher Entwicklung arbeiten - Mehrseitige Website Balance.","robots":{"index":"index","follow":"follow","max-snippet":"max-snippet:-1","max-image-preview":"max-image-preview:large","max-video-preview":"max-video-preview:-1"},"canonical":"https:\/\/alizel.de\/online\/produkt\/mehrseitige-website-balance\/","og_locale":"de_DE","og_type":"article","og_title":"Mehrseitige Website Balance - ALIZEL Online-Shop","og_description":"Ma\u00dfgeschneidertes Paket f\u00fcr alle, die ganzheitlich mit Bewusstsein, Gesundheit, Heilung und pers\u00f6nlicher Entwicklung arbeiten - Mehrseitige Website Balance.","og_url":"https:\/\/alizel.de\/online\/produkt\/mehrseitige-website-balance\/","og_site_name":"ALIZEL Online-Shop","article_modified_time":"2025-10-19T05:32:26+00:00","og_image":[{"width":800,"height":800,"url":"https:\/\/alizel.de\/online\/wp-content\/uploads\/sites\/2\/2025\/09\/web9040306.webp","type":"image\/webp"}],"twitter_card":"summary_large_image","twitter_misc":{"Gesch\u00e4tzte Lesezeit":"2\u00a0Minuten"},"schema":{"@context":"https:\/\/schema.org","@graph":[{"@type":"WebPage","@id":"https:\/\/alizel.de\/online\/produkt\/mehrseitige-website-balance\/","url":"https:\/\/alizel.de\/online\/produkt\/mehrseitige-website-balance\/","name":"Mehrseitige Website Balance - ALIZEL Online-Shop","isPartOf":{"@id":"https:\/\/alizel.de\/online\/#website"},"primaryImageOfPage":{"@id":"https:\/\/alizel.de\/online\/produkt\/mehrseitige-website-balance\/#primaryimage"},"image":{"@id":"https:\/\/alizel.de\/online\/produkt\/mehrseitige-website-balance\/#primaryimage"},"thumbnailUrl":"https:\/\/alizel.de\/online\/wp-content\/uploads\/sites\/2\/2025\/09\/web9040306.webp","datePublished":"2025-09-07T06:29:11+00:00","dateModified":"2025-10-19T05:32:26+00:00","description":"Ma\u00dfgeschneidertes Paket f\u00fcr alle, die ganzheitlich mit Bewusstsein, Gesundheit, Heilung und pers\u00f6nlicher Entwicklung arbeiten - Mehrseitige Website Balance.","breadcrumb":{"@id":"https:\/\/alizel.de\/online\/produkt\/mehrseitige-website-balance\/#breadcrumb"},"inLanguage":"de","potentialAction":[{"@type":"ReadAction","target":["https:\/\/alizel.de\/online\/produkt\/mehrseitige-website-balance\/"]}]},{"@type":"ImageObject","inLanguage":"de","@id":"https:\/\/alizel.de\/online\/produkt\/mehrseitige-website-balance\/#primaryimage","url":"https:\/\/alizel.de\/online\/wp-content\/uploads\/sites\/2\/2025\/09\/web9040306.webp","contentUrl":"https:\/\/alizel.de\/online\/wp-content\/uploads\/sites\/2\/2025\/09\/web9040306.webp","width":800,"height":800,"caption":"Mehrseitige Website Balance"},{"@type":"BreadcrumbList","@id":"https:\/\/alizel.de\/online\/produkt\/mehrseitige-website-balance\/#breadcrumb","itemListElement":[{"@type":"ListItem","position":1,"name":"Startseite","item":"https:\/\/alizel.de\/online\/"},{"@type":"ListItem","position":2,"name":"Shop","item":"https:\/\/alizel.de\/online\/shop\/"},{"@type":"ListItem","position":3,"name":"Mehrseitige Website Balance"}]},{"@type":"WebSite","@id":"https:\/\/alizel.de\/online\/#website","url":"https:\/\/alizel.de\/online\/","name":"ALIZEL Shop","description":"Online-Shop der ALIZEL Gruppe","publisher":{"@id":"https:\/\/alizel.de\/online\/#organization"},"potentialAction":[{"@type":"SearchAction","target":{"@type":"EntryPoint","urlTemplate":"https:\/\/alizel.de\/online\/?s={search_term_string}"},"query-input":{"@type":"PropertyValueSpecification","valueRequired":true,"valueName":"search_term_string"}}],"inLanguage":"de"},{"@type":"Organization","@id":"https:\/\/alizel.de\/online\/#organization","name":"ALIZEL Shop","url":"https:\/\/alizel.de\/online\/","logo":{"@type":"ImageObject","inLanguage":"de","@id":"https:\/\/alizel.de\/online\/#\/schema\/logo\/image\/","url":"https:\/\/alizel.de\/shop\/wp-content\/uploads\/sites\/2\/2025\/08\/alizel100.jpg","contentUrl":"https:\/\/alizel.de\/shop\/wp-content\/uploads\/sites\/2\/2025\/08\/alizel100.jpg","width":1069,"height":600,"caption":"ALIZEL Shop"},"image":{"@id":"https:\/\/alizel.de\/online\/#\/schema\/logo\/image\/"}}]}},"taxonomy_info":{"product_cat":[{"value":67,"label":"Marketing &amp; Webdesign"}],"product_tag":[{"value":114,"label":"Agentur"},{"value":115,"label":"Marketing"},{"value":116,"label":"SEO"},{"value":205,"label":"Website"}],"product_brands":[{"value":76,"label":"ALIMEDIA"}]},"featured_image_src_large":["https:\/\/alizel.de\/online\/wp-content\/uploads\/sites\/2\/2025\/09\/web9040306.webp",800,800,false],"author_info":[],"comment_info":0,"_links":{"self":[{"href":"https:\/\/alizel.de\/online\/wp-json\/wp\/v2\/product\/475","targetHints":{"allow":["GET"]}}],"collection":[{"href":"https:\/\/alizel.de\/online\/wp-json\/wp\/v2\/product"}],"about":[{"href":"https:\/\/alizel.de\/online\/wp-json\/wp\/v2\/types\/product"}],"replies":[{"embeddable":true,"href":"https:\/\/alizel.de\/online\/wp-json\/wp\/v2\/comments?post=475"}],"wp:featuredmedia":[{"embeddable":true,"href":"https:\/\/alizel.de\/online\/wp-json\/wp\/v2\/media\/926"}],"wp:attachment":[{"href":"https:\/\/alizel.de\/online\/wp-json\/wp\/v2\/media?parent=475"}],"wp:term":[{"taxonomy":"product_brand","embeddable":true,"href":"https:\/\/alizel.de\/online\/wp-json\/wp\/v2\/product_brand?post=475"},{"taxonomy":"product_cat","embeddable":true,"href":"https:\/\/alizel.de\/online\/wp-json\/wp\/v2\/product_cat?post=475"},{"taxonomy":"product_tag","embeddable":true,"href":"https:\/\/alizel.de\/online\/wp-json\/wp\/v2\/product_tag?post=475"},{"taxonomy":"product_brands","embeddable":true,"href":"https:\/\/alizel.de\/online\/wp-json\/wp\/v2\/product_brands?post=475"}],"curies":[{"name":"wp","href":"https:\/\/api.w.org\/{rel}","templated":true}]}}