{"id":492,"date":"2025-09-09T08:23:36","date_gmt":"2025-09-09T06:23:36","guid":{"rendered":"https:\/\/alizel.de\/online\/?post_type=product&#038;p=492"},"modified":"2025-12-23T12:42:34","modified_gmt":"2025-12-23T11:42:34","slug":"innergetic-analyse","status":"publish","type":"product","link":"https:\/\/alizel.de\/online\/produkt\/innergetic-analyse\/","title":{"rendered":"Innergetic Analyse"},"content":{"rendered":"\n<h2 class=\"wp-block-heading\">Innergetic Analyse<\/h2>\n\n\n\n<p>Mit der Innergetic Analyse bekommst du deinen k\u00f6rperlichen, emotionalen und geistigen Status Quo, inklusive Auswertung, Optimierungsplan und ca. 60 Min. Beratungsgespr\u00e4ch.<\/p>\n\n\n\n<h2 class=\"wp-block-heading\">Deine Situation<\/h2>\n\n\n\n<p>Dir f\u00e4llt es schwer die Herausforderungen des Alltags zu meistern? Schwierige Situationen sind f\u00fcr dich wie Stoppschilder? Das k\u00f6nnte an vielf\u00e4ltigen Ursachen liegen, wie z.B. an alten eingefahrenen Mustern, Traumata oder einer schwachen Lebensenergie.<\/p>\n\n\n\n<p>Die Innergetic Analyse hilft dir, dich selbst und die Ursachen besser zu verstehen und sie gibt dir den Ansto\u00df f\u00fcr Ver\u00e4nderungen. Sie ist der Kompass f\u00fcr deine innere Welt. Mit ihrer Hilfe kannst du tiefliegende Blockaden aufdecken und transformieren.<\/p>\n\n\n\n<h2 class=\"wp-block-heading\">Warum ist das wichtig?<\/h2>\n\n\n\n<ul class=\"wp-block-list\">\n<li>Du bekommst Einblick auf deine Lebensenergie um k\u00f6rperliche Blockaden zu identifizieren und zu l\u00f6sen.<\/li>\n\n\n\n<li>Die Klarheit \u00fcber deinen emotionalen und geistigen Zustand, gibt dir die M\u00f6glichkeiten f\u00fcr Ver\u00e4nderung.<\/li>\n\n\n\n<li>Du kannst dich von alten Mustern, Traumata und \u00dcberzeugungen, die dich belasten und begrenzen befreien.<\/li>\n\n\n\n<li>Sie zeigt dir, ob du deine F\u00e4higkeiten voll aussch\u00f6pfst oder ob unbewusste Glaubenss\u00e4tze dich behindern.<\/li>\n<\/ul>\n\n\n\n<h2 class=\"wp-block-heading\">Innergetic Analyse einfach erkl\u00e4rt<\/h2>\n\n\n\n<p>Stell dir vor, deine Erfahrungen, Gedanken und Gef\u00fchle sind wie ein einzigartiges riesiges Puzzle. Mit der Innergetic Analyse l\u00e4sst sich ein klares Bild davon zeichnen um dieses Puzzle zusammenzusetzen.<\/p>\n\n\n\n<p>Sie gibt dir Klarheit \u00fcber deinen k\u00f6rperlichen, emotionalen und geistigen Zustand. Alte Muster und Blockaden, die dich belasten und begrenzen, k\u00f6nnen erkannt und ver\u00e4ndert werden.<\/p>\n\n\n\n<p><strong>Mein Tipp<\/strong>: Lese unseren Beitrag \u00fcber&nbsp;<a href=\"https:\/\/beledama.de\/blog\/lebensenergie-das-geheimnis-fuer-ein-gesundes-und-erfuelltes-leben\/\" target=\"_blank\" rel=\"noreferrer noopener\">Lebensenergie: Das Geheimnis f\u00fcr ein gesundes und erf\u00fclltes Leben<\/a>.<\/p>\n\n\n\n<h2 class=\"wp-block-heading\">So einfach geht\u2019s:<\/h2>\n\n\n\n<ul class=\"wp-block-list\">\n<li>Innergetic Analyse hier im Shop bestellen<\/li>\n\n\n\n<li>Kostenfreies Infogespr\u00e4ch f\u00fcr Details vereinbaren<\/li>\n\n\n\n<li>Deine Ergebnisse des Status Quo abwarten<\/li>\n\n\n\n<li>Ergebnisse und Optimierungsplan besprechen<\/li>\n\n\n\n<li>Deine innere Welt genie\u00dfen<\/li>\n<\/ul>\n\n\n\n<p>Art.Nr.: 3090001<\/p>\n","protected":false},"excerpt":{"rendered":"<ul style=\"box-sizing: border-box; margin: 0px 0px 1.5em 1.5em; padding-left: 0px;\">\n<li>Tiefgreifende Analyse deines Status Quo<\/li>\n<li>mit Optimierungsplan und Beratung<\/li>\n<\/ul>\n","protected":false},"featured_media":496,"comment_status":"closed","ping_status":"closed","template":"","meta":{"_kad_blocks_custom_css":"","_kad_blocks_head_custom_js":"","_kad_blocks_body_custom_js":"","_kad_blocks_footer_custom_js":"","_kad_post_transparent":"","_kad_post_title":"","_kad_post_layout":"","_kad_post_sidebar_id":"","_kad_post_content_style":"","_kad_post_vertical_padding":"","_kad_post_feature":"","_kad_post_feature_position":"","_kad_post_header":false,"_kad_post_footer":false,"_kad_post_classname":""},"product_brand":[],"product_cat":[117],"product_tag":[72,170,56,34,240,36,122,171,57,169,37,62],"product_brands":[47],"class_list":{"0":"post-492","1":"product","2":"type-product","3":"status-publish","4":"has-post-thumbnail","6":"product_cat-dienstleistungen","7":"product_tag-balance","8":"product_tag-beratung","9":"product_tag-blockaden","10":"product_tag-energie","11":"product_tag-frauengesundheit","12":"product_tag-harmonie","13":"product_tag-innergetic","14":"product_tag-klarheit","15":"product_tag-lebensenergie","16":"product_tag-optimierung","17":"product_tag-schutz","18":"product_tag-transformation","19":"product_shipping_class-dienstleistung","20":"product_brands-innerplus","22":"first","23":"instock","24":"sold-individually","25":"taxable","26":"shipping-taxable","27":"purchasable","28":"product-type-simple","29":"entry","30":"content-bg","31":"loop-entry"},"yoast_head":"<!-- This site is optimized with the Yoast SEO plugin v27.5 - https:\/\/yoast.com\/product\/yoast-seo-wordpress\/ -->\n<title>Innergetic Analyse - ALIZEL Online-Shop<\/title>\n<meta name=\"robots\" content=\"index, follow, max-snippet:-1, max-image-preview:large, max-video-preview:-1\" \/>\n<link rel=\"canonical\" href=\"https:\/\/alizel.de\/online\/produkt\/innergetic-analyse\/\" \/>\n<meta property=\"og:locale\" content=\"de_DE\" \/>\n<meta property=\"og:type\" content=\"article\" \/>\n<meta property=\"og:title\" content=\"Innergetic Analyse - ALIZEL Online-Shop\" \/>\n<meta property=\"og:description\" content=\"Tiefgreifende Analyse deines Status Quo mit Optimierungsplan und Beratung\" \/>\n<meta property=\"og:url\" content=\"https:\/\/alizel.de\/online\/produkt\/innergetic-analyse\/\" \/>\n<meta property=\"og:site_name\" content=\"ALIZEL Online-Shop\" \/>\n<meta property=\"article:modified_time\" content=\"2025-12-23T11:42:34+00:00\" \/>\n<meta property=\"og:image\" content=\"https:\/\/alizel.de\/online\/wp-content\/uploads\/sites\/2\/2025\/09\/innergetic808-min.jpg\" \/>\n\t<meta property=\"og:image:width\" content=\"800\" \/>\n\t<meta property=\"og:image:height\" content=\"800\" \/>\n\t<meta property=\"og:image:type\" content=\"image\/jpeg\" \/>\n<meta name=\"twitter:card\" content=\"summary_large_image\" \/>\n<meta name=\"twitter:label1\" content=\"Gesch\u00e4tzte Lesezeit\" \/>\n\t<meta name=\"twitter:data1\" content=\"2\u00a0Minuten\" \/>\n<script type=\"application\/ld+json\" class=\"yoast-schema-graph\">{\"@context\":\"https:\\\/\\\/schema.org\",\"@graph\":[{\"@type\":\"WebPage\",\"@id\":\"https:\\\/\\\/alizel.de\\\/online\\\/produkt\\\/innergetic-analyse\\\/\",\"url\":\"https:\\\/\\\/alizel.de\\\/online\\\/produkt\\\/innergetic-analyse\\\/\",\"name\":\"Innergetic Analyse - ALIZEL Online-Shop\",\"isPartOf\":{\"@id\":\"https:\\\/\\\/alizel.de\\\/online\\\/#website\"},\"primaryImageOfPage\":{\"@id\":\"https:\\\/\\\/alizel.de\\\/online\\\/produkt\\\/innergetic-analyse\\\/#primaryimage\"},\"image\":{\"@id\":\"https:\\\/\\\/alizel.de\\\/online\\\/produkt\\\/innergetic-analyse\\\/#primaryimage\"},\"thumbnailUrl\":\"https:\\\/\\\/alizel.de\\\/online\\\/wp-content\\\/uploads\\\/sites\\\/2\\\/2025\\\/09\\\/innergetic808-min.jpg\",\"datePublished\":\"2025-09-09T06:23:36+00:00\",\"dateModified\":\"2025-12-23T11:42:34+00:00\",\"breadcrumb\":{\"@id\":\"https:\\\/\\\/alizel.de\\\/online\\\/produkt\\\/innergetic-analyse\\\/#breadcrumb\"},\"inLanguage\":\"de\",\"potentialAction\":[{\"@type\":\"ReadAction\",\"target\":[\"https:\\\/\\\/alizel.de\\\/online\\\/produkt\\\/innergetic-analyse\\\/\"]}]},{\"@type\":\"ImageObject\",\"inLanguage\":\"de\",\"@id\":\"https:\\\/\\\/alizel.de\\\/online\\\/produkt\\\/innergetic-analyse\\\/#primaryimage\",\"url\":\"https:\\\/\\\/alizel.de\\\/online\\\/wp-content\\\/uploads\\\/sites\\\/2\\\/2025\\\/09\\\/innergetic808-min.jpg\",\"contentUrl\":\"https:\\\/\\\/alizel.de\\\/online\\\/wp-content\\\/uploads\\\/sites\\\/2\\\/2025\\\/09\\\/innergetic808-min.jpg\",\"width\":800,\"height\":800},{\"@type\":\"BreadcrumbList\",\"@id\":\"https:\\\/\\\/alizel.de\\\/online\\\/produkt\\\/innergetic-analyse\\\/#breadcrumb\",\"itemListElement\":[{\"@type\":\"ListItem\",\"position\":1,\"name\":\"Startseite\",\"item\":\"https:\\\/\\\/alizel.de\\\/online\\\/\"},{\"@type\":\"ListItem\",\"position\":2,\"name\":\"Shop\",\"item\":\"https:\\\/\\\/alizel.de\\\/online\\\/shop\\\/\"},{\"@type\":\"ListItem\",\"position\":3,\"name\":\"Innergetic Analyse\"}]},{\"@type\":\"WebSite\",\"@id\":\"https:\\\/\\\/alizel.de\\\/online\\\/#website\",\"url\":\"https:\\\/\\\/alizel.de\\\/online\\\/\",\"name\":\"ALIZEL Shop\",\"description\":\"Online-Shop der ALIZEL Gruppe\",\"publisher\":{\"@id\":\"https:\\\/\\\/alizel.de\\\/online\\\/#organization\"},\"potentialAction\":[{\"@type\":\"SearchAction\",\"target\":{\"@type\":\"EntryPoint\",\"urlTemplate\":\"https:\\\/\\\/alizel.de\\\/online\\\/?s={search_term_string}\"},\"query-input\":{\"@type\":\"PropertyValueSpecification\",\"valueRequired\":true,\"valueName\":\"search_term_string\"}}],\"inLanguage\":\"de\"},{\"@type\":\"Organization\",\"@id\":\"https:\\\/\\\/alizel.de\\\/online\\\/#organization\",\"name\":\"ALIZEL Shop\",\"url\":\"https:\\\/\\\/alizel.de\\\/online\\\/\",\"logo\":{\"@type\":\"ImageObject\",\"inLanguage\":\"de\",\"@id\":\"https:\\\/\\\/alizel.de\\\/online\\\/#\\\/schema\\\/logo\\\/image\\\/\",\"url\":\"https:\\\/\\\/alizel.de\\\/shop\\\/wp-content\\\/uploads\\\/sites\\\/2\\\/2025\\\/08\\\/alizel100.jpg\",\"contentUrl\":\"https:\\\/\\\/alizel.de\\\/shop\\\/wp-content\\\/uploads\\\/sites\\\/2\\\/2025\\\/08\\\/alizel100.jpg\",\"width\":1069,\"height\":600,\"caption\":\"ALIZEL Shop\"},\"image\":{\"@id\":\"https:\\\/\\\/alizel.de\\\/online\\\/#\\\/schema\\\/logo\\\/image\\\/\"}}]}<\/script>\n<!-- \/ Yoast SEO plugin. -->","yoast_head_json":{"title":"Innergetic Analyse - ALIZEL Online-Shop","robots":{"index":"index","follow":"follow","max-snippet":"max-snippet:-1","max-image-preview":"max-image-preview:large","max-video-preview":"max-video-preview:-1"},"canonical":"https:\/\/alizel.de\/online\/produkt\/innergetic-analyse\/","og_locale":"de_DE","og_type":"article","og_title":"Innergetic Analyse - ALIZEL Online-Shop","og_description":"Tiefgreifende Analyse deines Status Quo mit Optimierungsplan und Beratung","og_url":"https:\/\/alizel.de\/online\/produkt\/innergetic-analyse\/","og_site_name":"ALIZEL Online-Shop","article_modified_time":"2025-12-23T11:42:34+00:00","og_image":[{"width":800,"height":800,"url":"https:\/\/alizel.de\/online\/wp-content\/uploads\/sites\/2\/2025\/09\/innergetic808-min.jpg","type":"image\/jpeg"}],"twitter_card":"summary_large_image","twitter_misc":{"Gesch\u00e4tzte Lesezeit":"2\u00a0Minuten"},"schema":{"@context":"https:\/\/schema.org","@graph":[{"@type":"WebPage","@id":"https:\/\/alizel.de\/online\/produkt\/innergetic-analyse\/","url":"https:\/\/alizel.de\/online\/produkt\/innergetic-analyse\/","name":"Innergetic Analyse - ALIZEL Online-Shop","isPartOf":{"@id":"https:\/\/alizel.de\/online\/#website"},"primaryImageOfPage":{"@id":"https:\/\/alizel.de\/online\/produkt\/innergetic-analyse\/#primaryimage"},"image":{"@id":"https:\/\/alizel.de\/online\/produkt\/innergetic-analyse\/#primaryimage"},"thumbnailUrl":"https:\/\/alizel.de\/online\/wp-content\/uploads\/sites\/2\/2025\/09\/innergetic808-min.jpg","datePublished":"2025-09-09T06:23:36+00:00","dateModified":"2025-12-23T11:42:34+00:00","breadcrumb":{"@id":"https:\/\/alizel.de\/online\/produkt\/innergetic-analyse\/#breadcrumb"},"inLanguage":"de","potentialAction":[{"@type":"ReadAction","target":["https:\/\/alizel.de\/online\/produkt\/innergetic-analyse\/"]}]},{"@type":"ImageObject","inLanguage":"de","@id":"https:\/\/alizel.de\/online\/produkt\/innergetic-analyse\/#primaryimage","url":"https:\/\/alizel.de\/online\/wp-content\/uploads\/sites\/2\/2025\/09\/innergetic808-min.jpg","contentUrl":"https:\/\/alizel.de\/online\/wp-content\/uploads\/sites\/2\/2025\/09\/innergetic808-min.jpg","width":800,"height":800},{"@type":"BreadcrumbList","@id":"https:\/\/alizel.de\/online\/produkt\/innergetic-analyse\/#breadcrumb","itemListElement":[{"@type":"ListItem","position":1,"name":"Startseite","item":"https:\/\/alizel.de\/online\/"},{"@type":"ListItem","position":2,"name":"Shop","item":"https:\/\/alizel.de\/online\/shop\/"},{"@type":"ListItem","position":3,"name":"Innergetic Analyse"}]},{"@type":"WebSite","@id":"https:\/\/alizel.de\/online\/#website","url":"https:\/\/alizel.de\/online\/","name":"ALIZEL Shop","description":"Online-Shop der ALIZEL Gruppe","publisher":{"@id":"https:\/\/alizel.de\/online\/#organization"},"potentialAction":[{"@type":"SearchAction","target":{"@type":"EntryPoint","urlTemplate":"https:\/\/alizel.de\/online\/?s={search_term_string}"},"query-input":{"@type":"PropertyValueSpecification","valueRequired":true,"valueName":"search_term_string"}}],"inLanguage":"de"},{"@type":"Organization","@id":"https:\/\/alizel.de\/online\/#organization","name":"ALIZEL Shop","url":"https:\/\/alizel.de\/online\/","logo":{"@type":"ImageObject","inLanguage":"de","@id":"https:\/\/alizel.de\/online\/#\/schema\/logo\/image\/","url":"https:\/\/alizel.de\/shop\/wp-content\/uploads\/sites\/2\/2025\/08\/alizel100.jpg","contentUrl":"https:\/\/alizel.de\/shop\/wp-content\/uploads\/sites\/2\/2025\/08\/alizel100.jpg","width":1069,"height":600,"caption":"ALIZEL Shop"},"image":{"@id":"https:\/\/alizel.de\/online\/#\/schema\/logo\/image\/"}}]}},"taxonomy_info":{"product_cat":[{"value":117,"label":"Dienstleistungen"}],"product_tag":[{"value":72,"label":"Balance"},{"value":170,"label":"Beratung"},{"value":56,"label":"Blockaden"},{"value":34,"label":"Energie"},{"value":240,"label":"Frauengesundheit"},{"value":36,"label":"Harmonie"},{"value":122,"label":"Innergetic"},{"value":171,"label":"Klarheit"},{"value":57,"label":"Lebensenergie"},{"value":169,"label":"Optimierung"},{"value":37,"label":"Schutz"},{"value":62,"label":"Transformation"}],"product_brands":[{"value":47,"label":"InnerPlus"}]},"featured_image_src_large":["https:\/\/alizel.de\/online\/wp-content\/uploads\/sites\/2\/2025\/09\/innergetic808-min.jpg",800,800,false],"author_info":[],"comment_info":0,"_links":{"self":[{"href":"https:\/\/alizel.de\/online\/wp-json\/wp\/v2\/product\/492","targetHints":{"allow":["GET"]}}],"collection":[{"href":"https:\/\/alizel.de\/online\/wp-json\/wp\/v2\/product"}],"about":[{"href":"https:\/\/alizel.de\/online\/wp-json\/wp\/v2\/types\/product"}],"replies":[{"embeddable":true,"href":"https:\/\/alizel.de\/online\/wp-json\/wp\/v2\/comments?post=492"}],"wp:featuredmedia":[{"embeddable":true,"href":"https:\/\/alizel.de\/online\/wp-json\/wp\/v2\/media\/496"}],"wp:attachment":[{"href":"https:\/\/alizel.de\/online\/wp-json\/wp\/v2\/media?parent=492"}],"wp:term":[{"taxonomy":"product_brand","embeddable":true,"href":"https:\/\/alizel.de\/online\/wp-json\/wp\/v2\/product_brand?post=492"},{"taxonomy":"product_cat","embeddable":true,"href":"https:\/\/alizel.de\/online\/wp-json\/wp\/v2\/product_cat?post=492"},{"taxonomy":"product_tag","embeddable":true,"href":"https:\/\/alizel.de\/online\/wp-json\/wp\/v2\/product_tag?post=492"},{"taxonomy":"product_brands","embeddable":true,"href":"https:\/\/alizel.de\/online\/wp-json\/wp\/v2\/product_brands?post=492"}],"curies":[{"name":"wp","href":"https:\/\/api.w.org\/{rel}","templated":true}]}}