{"id":700,"date":"2025-09-25T07:24:07","date_gmt":"2025-09-25T05:24:07","guid":{"rendered":"https:\/\/alizel.de\/online\/?post_type=product&#038;p=700"},"modified":"2025-12-16T07:07:16","modified_gmt":"2025-12-16T06:07:16","slug":"lavandin-demeter-primavera-5-ml","status":"publish","type":"product","link":"https:\/\/alizel.de\/online\/produkt\/lavandin-demeter-primavera-5-ml\/","title":{"rendered":"Lavandin demeter PRIMAVERA\u00ae, 5 ml"},"content":{"rendered":"\n<h2 class=\"wp-block-heading\">Lavandin demeter PRIMAVERA\u00ae, 5 ml<\/h2>\n\n\n\n<p>Lavandin demeter von PRIMAVERA\u00ae. Lavandin ist eine Hybride des Lavendel fein, die in Stecklingsvermehrung kultiviert wird; \u201eVater&#8220; ist der Speiklavendel, \u201eMutter&#8220; der Lavendel fein. Lavandin ist gr\u00f6\u00dfer und buschiger als der Echte Lavendel, er hat eine hohe \u00d6lausbeute, wird im Flachland kultiviert und kann daher maschinell geerntet werden. Lavandin wird in der Naturheilkunde eingesetzt zur Behandlung von Hautproblemen, f\u00fcr B\u00e4der, Kompressen sowie zur Raumluftverbesserung.<\/p>\n\n\n\n<p>Das krautig-frische \u00e4therische \u00d6l Lavandin demeter ist im Vergleich zum echten Lavendel eher anregend und aktivierend. Es ist hervorragend zur Desinfektion und Geruchsneutralisierung geeignet. Auf k\u00f6rperlicher Ebene wirkt es aktivierend und ist daher f\u00fcr Sportler ein interessantes \u00e4therisches \u00d6l. Au\u00dferdem wirkt es tonisierend auf die Haut, weshalb es auch in Venenmischungen eingesetzt wird. Wir beziehen unser \u00e4therisches Lavandin\u00f6l von unserem Bio-Anbaupartner in Italien, Piemont in kontrolliert biologisch-dynamischer Qualit\u00e4t.<\/p>\n\n\n\n<h3 class=\"wp-block-heading\">Details Lavandin demeter<\/h3>\n\n\n\n<ul class=\"wp-block-list\">\n<li>Duftprofil: frisch, krautig<\/li>\n\n\n\n<li>Duftwirkung: entspannend<\/li>\n\n\n\n<li>Duftnote: Herznote<\/li>\n\n\n\n<li>Qualit\u00e4t: Bio, Demeter, NATRUE Biokosmetik, vegan, IHTN<\/li>\n\n\n\n<li>Hautwirkung: entz\u00fcndungshemmend, regenerierend, hautpflegend, reife, anspruchsvolle Haut<\/li>\n\n\n\n<li>Bed\u00fcrfnis: entkrampfend, Muskeln &amp; Gelenke, kalte Jahreszeit, Ersch\u00f6pfung &amp; Stress, Narben, Neurodermitis<\/li>\n\n\n\n<li>Anwendung: z.B. als Sport Massage\u00f6l. 2 Tropfen Grapefruit bio und 8 Tropfen Lavandin demeter in 50 ml Johanniskraut\u00f6l bio geben und als Sportmassage\u00f6l nach dem Sport verwenden.<\/li>\n\n\n\n<li>Anwendung: z.B. als belebendes Beinspray bei schweren Beinen. Einfach 100 ml Immortellenwasser bio mit 20 Tropfen Lavandin demeter versetzen. Gut sch\u00fctteln. Zur Belebung und Aktivierung auf die Beine aufspr\u00fchen.<\/li>\n\n\n\n<li>Botanische Bezeichnung: Lavandula X Intermedia<\/li>\n\n\n\n<li>Inhaltsstoffe (INCI): Lavandula Intermedia Oil* Org, Geraniol**, Limonene**, Linalool**<\/li>\n<\/ul>\n\n\n\n<p>* aus biologisch dynamischem Anbau<br>** nat\u00fcrliche Bestandteile des \u00e4therischen \u00d6ls<br>Alle Angaben lt. Hersteller.<\/p>\n\n\n\n<p>Art.-Nr: IP10541<br>Tags: DIY, Massage, Sport-Massage\u00f6l, Raumduft<\/p>\n","protected":false},"excerpt":{"rendered":"<p>5 ml \u00c4therisches \u00d6l f\u00fcr Aromatherapie, Heim &#038; B\u00fcro.<\/p>\n","protected":false},"featured_media":701,"comment_status":"closed","ping_status":"closed","template":"","meta":{"_kad_blocks_custom_css":"","_kad_blocks_head_custom_js":"","_kad_blocks_body_custom_js":"","_kad_blocks_footer_custom_js":"","_kad_post_transparent":"","_kad_post_title":"","_kad_post_layout":"","_kad_post_sidebar_id":"","_kad_post_content_style":"","_kad_post_vertical_padding":"","_kad_post_feature":"","_kad_post_feature_position":"","_kad_post_header":false,"_kad_post_footer":false,"_kad_post_classname":""},"product_brand":[123],"product_cat":[81],"product_tag":[225,179,181,82,176,85,180,177,84,178],"product_brands":[],"class_list":{"0":"post-700","1":"product","2":"type-product","3":"status-publish","4":"has-post-thumbnail","6":"product_brand-primavera","7":"product_cat-wohlfuehl-natur","8":"product_tag-aetherische-oele","9":"product_tag-entzuendung","10":"product_tag-erschoepfung","11":"product_tag-hautpflege","12":"product_tag-massage","13":"product_tag-raumduft","14":"product_tag-regeneration","15":"product_tag-sport","16":"product_tag-stressabbau","17":"product_tag-vegan","18":"product_shipping_class-waren-bis-50-g","20":"first","21":"instock","22":"taxable","23":"shipping-taxable","24":"purchasable","25":"product-type-simple","26":"entry","27":"content-bg","28":"loop-entry"},"yoast_head":"<!-- This site is optimized with the Yoast SEO plugin v27.4 - https:\/\/yoast.com\/product\/yoast-seo-wordpress\/ -->\n<title>Lavandin demeter PRIMAVERA\u00ae, 5 ml - ALIZEL Online-Shop<\/title>\n<meta name=\"description\" content=\"\u00c4therisches \u00d6l f\u00fcr Muskeln &amp; Gelenke, kalte Jahreszeit, Ersch\u00f6pfung &amp; Stress, Massage, Desinfektion und Raumduft geeignet. Lavandin demeter hier kaufen.\" \/>\n<meta name=\"robots\" content=\"index, follow, max-snippet:-1, max-image-preview:large, max-video-preview:-1\" \/>\n<link rel=\"canonical\" href=\"https:\/\/alizel.de\/online\/produkt\/lavandin-demeter-primavera-5-ml\/\" \/>\n<meta property=\"og:locale\" content=\"de_DE\" \/>\n<meta property=\"og:type\" content=\"article\" \/>\n<meta property=\"og:title\" content=\"Lavandin demeter PRIMAVERA\u00ae, 5 ml - ALIZEL Online-Shop\" \/>\n<meta property=\"og:description\" content=\"\u00c4therisches \u00d6l f\u00fcr Muskeln &amp; Gelenke, kalte Jahreszeit, Ersch\u00f6pfung &amp; Stress, Massage, Desinfektion und Raumduft geeignet. Lavandin demeter hier kaufen.\" \/>\n<meta property=\"og:url\" content=\"https:\/\/alizel.de\/online\/produkt\/lavandin-demeter-primavera-5-ml\/\" \/>\n<meta property=\"og:site_name\" content=\"ALIZEL Online-Shop\" \/>\n<meta property=\"article:modified_time\" content=\"2025-12-16T06:07:16+00:00\" \/>\n<meta property=\"og:image\" content=\"https:\/\/alizel.de\/online\/wp-content\/uploads\/sites\/2\/2025\/09\/IP10541.jpg\" \/>\n\t<meta property=\"og:image:width\" content=\"800\" \/>\n\t<meta property=\"og:image:height\" content=\"800\" \/>\n\t<meta property=\"og:image:type\" content=\"image\/jpeg\" \/>\n<meta name=\"twitter:card\" content=\"summary_large_image\" \/>\n<meta name=\"twitter:label1\" content=\"Gesch\u00e4tzte Lesezeit\" \/>\n\t<meta name=\"twitter:data1\" content=\"2\u00a0Minuten\" \/>\n<script type=\"application\/ld+json\" class=\"yoast-schema-graph\">{\"@context\":\"https:\\\/\\\/schema.org\",\"@graph\":[{\"@type\":\"WebPage\",\"@id\":\"https:\\\/\\\/alizel.de\\\/online\\\/produkt\\\/lavandin-demeter-primavera-5-ml\\\/\",\"url\":\"https:\\\/\\\/alizel.de\\\/online\\\/produkt\\\/lavandin-demeter-primavera-5-ml\\\/\",\"name\":\"Lavandin demeter PRIMAVERA\u00ae, 5 ml - ALIZEL Online-Shop\",\"isPartOf\":{\"@id\":\"https:\\\/\\\/alizel.de\\\/online\\\/#website\"},\"primaryImageOfPage\":{\"@id\":\"https:\\\/\\\/alizel.de\\\/online\\\/produkt\\\/lavandin-demeter-primavera-5-ml\\\/#primaryimage\"},\"image\":{\"@id\":\"https:\\\/\\\/alizel.de\\\/online\\\/produkt\\\/lavandin-demeter-primavera-5-ml\\\/#primaryimage\"},\"thumbnailUrl\":\"https:\\\/\\\/alizel.de\\\/online\\\/wp-content\\\/uploads\\\/sites\\\/2\\\/2025\\\/09\\\/IP10541.jpg\",\"datePublished\":\"2025-09-25T05:24:07+00:00\",\"dateModified\":\"2025-12-16T06:07:16+00:00\",\"description\":\"\u00c4therisches \u00d6l f\u00fcr Muskeln & Gelenke, kalte Jahreszeit, Ersch\u00f6pfung & Stress, Massage, Desinfektion und Raumduft geeignet. Lavandin demeter hier kaufen.\",\"breadcrumb\":{\"@id\":\"https:\\\/\\\/alizel.de\\\/online\\\/produkt\\\/lavandin-demeter-primavera-5-ml\\\/#breadcrumb\"},\"inLanguage\":\"de\",\"potentialAction\":[{\"@type\":\"ReadAction\",\"target\":[\"https:\\\/\\\/alizel.de\\\/online\\\/produkt\\\/lavandin-demeter-primavera-5-ml\\\/\"]}]},{\"@type\":\"ImageObject\",\"inLanguage\":\"de\",\"@id\":\"https:\\\/\\\/alizel.de\\\/online\\\/produkt\\\/lavandin-demeter-primavera-5-ml\\\/#primaryimage\",\"url\":\"https:\\\/\\\/alizel.de\\\/online\\\/wp-content\\\/uploads\\\/sites\\\/2\\\/2025\\\/09\\\/IP10541.jpg\",\"contentUrl\":\"https:\\\/\\\/alizel.de\\\/online\\\/wp-content\\\/uploads\\\/sites\\\/2\\\/2025\\\/09\\\/IP10541.jpg\",\"width\":800,\"height\":800},{\"@type\":\"BreadcrumbList\",\"@id\":\"https:\\\/\\\/alizel.de\\\/online\\\/produkt\\\/lavandin-demeter-primavera-5-ml\\\/#breadcrumb\",\"itemListElement\":[{\"@type\":\"ListItem\",\"position\":1,\"name\":\"Startseite\",\"item\":\"https:\\\/\\\/alizel.de\\\/online\\\/\"},{\"@type\":\"ListItem\",\"position\":2,\"name\":\"Shop\",\"item\":\"https:\\\/\\\/alizel.de\\\/online\\\/shop\\\/\"},{\"@type\":\"ListItem\",\"position\":3,\"name\":\"Lavandin demeter PRIMAVERA\u00ae, 5 ml\"}]},{\"@type\":\"WebSite\",\"@id\":\"https:\\\/\\\/alizel.de\\\/online\\\/#website\",\"url\":\"https:\\\/\\\/alizel.de\\\/online\\\/\",\"name\":\"ALIZEL Shop\",\"description\":\"Online-Shop der ALIZEL Gruppe\",\"publisher\":{\"@id\":\"https:\\\/\\\/alizel.de\\\/online\\\/#organization\"},\"potentialAction\":[{\"@type\":\"SearchAction\",\"target\":{\"@type\":\"EntryPoint\",\"urlTemplate\":\"https:\\\/\\\/alizel.de\\\/online\\\/?s={search_term_string}\"},\"query-input\":{\"@type\":\"PropertyValueSpecification\",\"valueRequired\":true,\"valueName\":\"search_term_string\"}}],\"inLanguage\":\"de\"},{\"@type\":\"Organization\",\"@id\":\"https:\\\/\\\/alizel.de\\\/online\\\/#organization\",\"name\":\"ALIZEL Shop\",\"url\":\"https:\\\/\\\/alizel.de\\\/online\\\/\",\"logo\":{\"@type\":\"ImageObject\",\"inLanguage\":\"de\",\"@id\":\"https:\\\/\\\/alizel.de\\\/online\\\/#\\\/schema\\\/logo\\\/image\\\/\",\"url\":\"https:\\\/\\\/alizel.de\\\/shop\\\/wp-content\\\/uploads\\\/sites\\\/2\\\/2025\\\/08\\\/alizel100.jpg\",\"contentUrl\":\"https:\\\/\\\/alizel.de\\\/shop\\\/wp-content\\\/uploads\\\/sites\\\/2\\\/2025\\\/08\\\/alizel100.jpg\",\"width\":1069,\"height\":600,\"caption\":\"ALIZEL Shop\"},\"image\":{\"@id\":\"https:\\\/\\\/alizel.de\\\/online\\\/#\\\/schema\\\/logo\\\/image\\\/\"}}]}<\/script>\n<!-- \/ Yoast SEO plugin. -->","yoast_head_json":{"title":"Lavandin demeter PRIMAVERA\u00ae, 5 ml - ALIZEL Online-Shop","description":"\u00c4therisches \u00d6l f\u00fcr Muskeln & Gelenke, kalte Jahreszeit, Ersch\u00f6pfung & Stress, Massage, Desinfektion und Raumduft geeignet. Lavandin demeter hier kaufen.","robots":{"index":"index","follow":"follow","max-snippet":"max-snippet:-1","max-image-preview":"max-image-preview:large","max-video-preview":"max-video-preview:-1"},"canonical":"https:\/\/alizel.de\/online\/produkt\/lavandin-demeter-primavera-5-ml\/","og_locale":"de_DE","og_type":"article","og_title":"Lavandin demeter PRIMAVERA\u00ae, 5 ml - ALIZEL Online-Shop","og_description":"\u00c4therisches \u00d6l f\u00fcr Muskeln & Gelenke, kalte Jahreszeit, Ersch\u00f6pfung & Stress, Massage, Desinfektion und Raumduft geeignet. Lavandin demeter hier kaufen.","og_url":"https:\/\/alizel.de\/online\/produkt\/lavandin-demeter-primavera-5-ml\/","og_site_name":"ALIZEL Online-Shop","article_modified_time":"2025-12-16T06:07:16+00:00","og_image":[{"width":800,"height":800,"url":"https:\/\/alizel.de\/online\/wp-content\/uploads\/sites\/2\/2025\/09\/IP10541.jpg","type":"image\/jpeg"}],"twitter_card":"summary_large_image","twitter_misc":{"Gesch\u00e4tzte Lesezeit":"2\u00a0Minuten"},"schema":{"@context":"https:\/\/schema.org","@graph":[{"@type":"WebPage","@id":"https:\/\/alizel.de\/online\/produkt\/lavandin-demeter-primavera-5-ml\/","url":"https:\/\/alizel.de\/online\/produkt\/lavandin-demeter-primavera-5-ml\/","name":"Lavandin demeter PRIMAVERA\u00ae, 5 ml - ALIZEL Online-Shop","isPartOf":{"@id":"https:\/\/alizel.de\/online\/#website"},"primaryImageOfPage":{"@id":"https:\/\/alizel.de\/online\/produkt\/lavandin-demeter-primavera-5-ml\/#primaryimage"},"image":{"@id":"https:\/\/alizel.de\/online\/produkt\/lavandin-demeter-primavera-5-ml\/#primaryimage"},"thumbnailUrl":"https:\/\/alizel.de\/online\/wp-content\/uploads\/sites\/2\/2025\/09\/IP10541.jpg","datePublished":"2025-09-25T05:24:07+00:00","dateModified":"2025-12-16T06:07:16+00:00","description":"\u00c4therisches \u00d6l f\u00fcr Muskeln & Gelenke, kalte Jahreszeit, Ersch\u00f6pfung & Stress, Massage, Desinfektion und Raumduft geeignet. Lavandin demeter hier kaufen.","breadcrumb":{"@id":"https:\/\/alizel.de\/online\/produkt\/lavandin-demeter-primavera-5-ml\/#breadcrumb"},"inLanguage":"de","potentialAction":[{"@type":"ReadAction","target":["https:\/\/alizel.de\/online\/produkt\/lavandin-demeter-primavera-5-ml\/"]}]},{"@type":"ImageObject","inLanguage":"de","@id":"https:\/\/alizel.de\/online\/produkt\/lavandin-demeter-primavera-5-ml\/#primaryimage","url":"https:\/\/alizel.de\/online\/wp-content\/uploads\/sites\/2\/2025\/09\/IP10541.jpg","contentUrl":"https:\/\/alizel.de\/online\/wp-content\/uploads\/sites\/2\/2025\/09\/IP10541.jpg","width":800,"height":800},{"@type":"BreadcrumbList","@id":"https:\/\/alizel.de\/online\/produkt\/lavandin-demeter-primavera-5-ml\/#breadcrumb","itemListElement":[{"@type":"ListItem","position":1,"name":"Startseite","item":"https:\/\/alizel.de\/online\/"},{"@type":"ListItem","position":2,"name":"Shop","item":"https:\/\/alizel.de\/online\/shop\/"},{"@type":"ListItem","position":3,"name":"Lavandin demeter PRIMAVERA\u00ae, 5 ml"}]},{"@type":"WebSite","@id":"https:\/\/alizel.de\/online\/#website","url":"https:\/\/alizel.de\/online\/","name":"ALIZEL Shop","description":"Online-Shop der ALIZEL Gruppe","publisher":{"@id":"https:\/\/alizel.de\/online\/#organization"},"potentialAction":[{"@type":"SearchAction","target":{"@type":"EntryPoint","urlTemplate":"https:\/\/alizel.de\/online\/?s={search_term_string}"},"query-input":{"@type":"PropertyValueSpecification","valueRequired":true,"valueName":"search_term_string"}}],"inLanguage":"de"},{"@type":"Organization","@id":"https:\/\/alizel.de\/online\/#organization","name":"ALIZEL Shop","url":"https:\/\/alizel.de\/online\/","logo":{"@type":"ImageObject","inLanguage":"de","@id":"https:\/\/alizel.de\/online\/#\/schema\/logo\/image\/","url":"https:\/\/alizel.de\/shop\/wp-content\/uploads\/sites\/2\/2025\/08\/alizel100.jpg","contentUrl":"https:\/\/alizel.de\/shop\/wp-content\/uploads\/sites\/2\/2025\/08\/alizel100.jpg","width":1069,"height":600,"caption":"ALIZEL Shop"},"image":{"@id":"https:\/\/alizel.de\/online\/#\/schema\/logo\/image\/"}}]}},"taxonomy_info":{"product_brand":[{"value":123,"label":"PRIMAVERA\u00ae"}],"product_cat":[{"value":81,"label":"Wohlf\u00fchl-Natur"}],"product_tag":[{"value":225,"label":"\u00c4therische \u00d6le"},{"value":179,"label":"Entz\u00fcndung"},{"value":181,"label":"Ersch\u00f6pfung"},{"value":82,"label":"Hautpflege"},{"value":176,"label":"Massage"},{"value":85,"label":"Raumduft"},{"value":180,"label":"Regeneration"},{"value":177,"label":"Sport"},{"value":84,"label":"Stressabbau"},{"value":178,"label":"Vegan"}]},"featured_image_src_large":["https:\/\/alizel.de\/online\/wp-content\/uploads\/sites\/2\/2025\/09\/IP10541.jpg",800,800,false],"author_info":[],"comment_info":0,"_links":{"self":[{"href":"https:\/\/alizel.de\/online\/wp-json\/wp\/v2\/product\/700","targetHints":{"allow":["GET"]}}],"collection":[{"href":"https:\/\/alizel.de\/online\/wp-json\/wp\/v2\/product"}],"about":[{"href":"https:\/\/alizel.de\/online\/wp-json\/wp\/v2\/types\/product"}],"replies":[{"embeddable":true,"href":"https:\/\/alizel.de\/online\/wp-json\/wp\/v2\/comments?post=700"}],"wp:featuredmedia":[{"embeddable":true,"href":"https:\/\/alizel.de\/online\/wp-json\/wp\/v2\/media\/701"}],"wp:attachment":[{"href":"https:\/\/alizel.de\/online\/wp-json\/wp\/v2\/media?parent=700"}],"wp:term":[{"taxonomy":"product_brand","embeddable":true,"href":"https:\/\/alizel.de\/online\/wp-json\/wp\/v2\/product_brand?post=700"},{"taxonomy":"product_cat","embeddable":true,"href":"https:\/\/alizel.de\/online\/wp-json\/wp\/v2\/product_cat?post=700"},{"taxonomy":"product_tag","embeddable":true,"href":"https:\/\/alizel.de\/online\/wp-json\/wp\/v2\/product_tag?post=700"},{"taxonomy":"product_brands","embeddable":true,"href":"https:\/\/alizel.de\/online\/wp-json\/wp\/v2\/product_brands?post=700"}],"curies":[{"name":"wp","href":"https:\/\/api.w.org\/{rel}","templated":true}]}}